{"id":993,"date":"2025-09-08T13:23:14","date_gmt":"2025-09-08T11:23:14","guid":{"rendered":"https:\/\/www.foerderkreis-christenberg.de\/?page_id=993"},"modified":"2026-02-16T22:29:41","modified_gmt":"2026-02-16T21:29:41","slug":"anleitung-zum-labyrinth","status":"publish","type":"page","link":"https:\/\/www.foerderkreis-christenberg.de\/index.php\/anleitung-zum-labyrinth\/","title":{"rendered":"Labyrinth"},"content":{"rendered":"\n<div class=\"wp-block-group has-background has-global-padding is-layout-constrained wp-container-core-group-is-layout-c385debf wp-block-group-is-layout-constrained\" style=\"background-color:#ffffff;padding-top:var(--wp--preset--spacing--20);padding-right:var(--wp--preset--spacing--20);padding-bottom:var(--wp--preset--spacing--20);padding-left:var(--wp--preset--spacing--20)\">\n<h2 class=\"wp-block-heading\">Das Labyrinth &#8211; Eine Anleitung<\/h2>\n\n\n\n<div class=\"wp-block-cover\"><img loading=\"lazy\" decoding=\"async\" width=\"1024\" height=\"768\" class=\"wp-block-cover__image-background wp-image-441 size-large\" alt=\"Labyrinth auf dem Christenberg\" src=\"https:\/\/www.foerderkreis-christenberg.de\/wp-content\/uploads\/2020\/08\/Labyrinth-Christenberg_Foto-G\u00f6rmar-1024x768.jpg\" data-object-fit=\"cover\" srcset=\"https:\/\/www.foerderkreis-christenberg.de\/wp-content\/uploads\/2020\/08\/Labyrinth-Christenberg_Foto-G\u00f6rmar-1024x768.jpg 1024w, https:\/\/www.foerderkreis-christenberg.de\/wp-content\/uploads\/2020\/08\/Labyrinth-Christenberg_Foto-G\u00f6rmar-300x225.jpg 300w, https:\/\/www.foerderkreis-christenberg.de\/wp-content\/uploads\/2020\/08\/Labyrinth-Christenberg_Foto-G\u00f6rmar-768x576.jpg 768w, https:\/\/www.foerderkreis-christenberg.de\/wp-content\/uploads\/2020\/08\/Labyrinth-Christenberg_Foto-G\u00f6rmar-1536x1152.jpg 1536w, https:\/\/www.foerderkreis-christenberg.de\/wp-content\/uploads\/2020\/08\/Labyrinth-Christenberg_Foto-G\u00f6rmar-2048x1536.jpg 2048w\" sizes=\"auto, (max-width: 1024px) 100vw, 1024px\" \/><span aria-hidden=\"true\" class=\"wp-block-cover__background has-background-dim\" style=\"background-color:#7a7263\"><\/span><div class=\"wp-block-cover__inner-container has-global-padding is-layout-constrained wp-block-cover-is-layout-constrained\">\n<p class=\"has-text-align-center has-large-font-size\">Verschlungene Wege &#8211; du gehst nur scheinbar im Kreis &#8230;<\/p>\n<\/div><\/div>\n\n\n\n<div style=\"height:20px\" aria-hidden=\"true\" class=\"wp-block-spacer\"><\/div>\n\n\n\n<p>Vielleicht sind Sie bereits auf dem <strong>Meditationsweg<\/strong> hierher gekommen? &#8230; haben sich meditativ eingestimmt w\u00e4hrend der Wanderung? &#8230; haben sich ausgetauscht mit Menschen, die sich mit Ihnen auf den Weg gemacht haben? &#8230; oder Sie sind in der Stille des Weges Ihren Gedanken nachgegangen?<\/p>\n\n\n\n<div class=\"wp-block-cover\"><img loading=\"lazy\" decoding=\"async\" width=\"1024\" height=\"768\" class=\"wp-block-cover__image-background wp-image-442 size-large\" alt=\"Labyrinth auf dem Christenberg\" src=\"https:\/\/www.foerderkreis-christenberg.de\/wp-content\/uploads\/2020\/08\/IMG_20190928_140425-1024x768.jpg\" data-object-fit=\"cover\" srcset=\"https:\/\/www.foerderkreis-christenberg.de\/wp-content\/uploads\/2020\/08\/IMG_20190928_140425-1024x768.jpg 1024w, https:\/\/www.foerderkreis-christenberg.de\/wp-content\/uploads\/2020\/08\/IMG_20190928_140425-300x225.jpg 300w, https:\/\/www.foerderkreis-christenberg.de\/wp-content\/uploads\/2020\/08\/IMG_20190928_140425-768x576.jpg 768w, https:\/\/www.foerderkreis-christenberg.de\/wp-content\/uploads\/2020\/08\/IMG_20190928_140425-1536x1152.jpg 1536w, https:\/\/www.foerderkreis-christenberg.de\/wp-content\/uploads\/2020\/08\/IMG_20190928_140425-2048x1536.jpg 2048w\" sizes=\"auto, (max-width: 1024px) 100vw, 1024px\" \/><span aria-hidden=\"true\" class=\"wp-block-cover__background has-background-dim\" style=\"background-color:#686362\"><\/span><div class=\"wp-block-cover__inner-container has-global-padding is-layout-constrained wp-block-cover-is-layout-constrained\">\n<p class=\"has-text-align-center has-large-font-size\">Einfach abk\u00fcrzen? Der Weg ist das Ziel!<\/p>\n<\/div><\/div>\n\n\n\n<div style=\"height:20px\" aria-hidden=\"true\" class=\"wp-block-spacer\"><\/div>\n\n\n\n<p>Um Ihnen den <strong>Gang durch das Labyrinth<\/strong> noch intensiver und interessanter zu machen, m\u00f6chten wir Ihnen eine kurze Anleitung zur Hand, Ihnen einige Gedanken mit auf den Weg geben:<\/p>\n\n\n\n<ul class=\"wp-block-list\">\n<li>Was motiviert mich zu gehen?<\/li>\n\n\n\n<li>Was beeintr\u00e4chtigt meinen Weg?<\/li>\n\n\n\n<li>Der Weg ist nicht perfekt!<\/li>\n\n\n\n<li>Ich denke auch an die Windungen meines Lebens-Weges &#8230;<\/li>\n\n\n\n<li>&#8230; ebenso an H\u00f6hepunkte, Tiefpunkte, Umwege &#8230;<\/li>\n\n\n\n<li>Auf welchem Untergrund gehe ich?<\/li>\n\n\n\n<li>Was macht es mir leicht, zu gehen &#8230;<\/li>\n\n\n\n<li>&#8230; und was macht es m\u00fchsam?<\/li>\n\n\n\n<li>Dem Ziel ganz nah und doch so fern &#8230;<\/li>\n\n\n\n<li>&#8230; warum kann ich nicht abk\u00fcrzen?<\/li>\n\n\n\n<li>Ich sehe mein Ziel &#8211; wie sieht es aus?<\/li>\n\n\n\n<li>Ich bin am Ziel! Was sehe ich?<\/li>\n\n\n\n<li>Wo ist der Ausgang?<\/li>\n\n\n\n<li>Der Weg zur\u00fcck &#8230;<\/li>\n\n\n\n<li>&#8230; Umkehr oder R\u00fcckweg?<\/li>\n\n\n\n<li>Was erwartet mich am Ausgang &#8230;<\/li>\n\n\n\n<li>&#8230; und welchen Ausgang erwarte ich?<\/li>\n<\/ul>\n\n\n\n<div class=\"wp-block-cover is-light\"><img loading=\"lazy\" decoding=\"async\" width=\"924\" height=\"619\" class=\"wp-block-cover__image-background wp-image-871 size-full\" alt=\"\" src=\"https:\/\/www.foerderkreis-christenberg.de\/wp-content\/uploads\/2025\/07\/GlaubensPerlen.png\" data-object-fit=\"cover\" srcset=\"https:\/\/www.foerderkreis-christenberg.de\/wp-content\/uploads\/2025\/07\/GlaubensPerlen.png 924w, https:\/\/www.foerderkreis-christenberg.de\/wp-content\/uploads\/2025\/07\/GlaubensPerlen-300x201.png 300w, https:\/\/www.foerderkreis-christenberg.de\/wp-content\/uploads\/2025\/07\/GlaubensPerlen-768x514.png 768w\" sizes=\"auto, (max-width: 924px) 100vw, 924px\" \/><span aria-hidden=\"true\" class=\"wp-block-cover__background has-background-dim\" style=\"background-color:#e5e8e2\"><\/span><div class=\"wp-block-cover__inner-container has-global-padding is-layout-constrained wp-block-cover-is-layout-constrained\">\n<p class=\"has-text-align-center has-large-font-size\">Die Perlen des Glaubens &#8211; ein Kreis, wie auch das Labyrinth!<\/p>\n<\/div><\/div>\n\n\n\n<div style=\"height:20px\" aria-hidden=\"true\" class=\"wp-block-spacer\"><\/div>\n\n\n\n<h2 class=\"wp-block-heading\">Das Labyrinth als Sinnbild des Lebens<\/h2>\n\n\n\n<p>&#8230; ein Sinnbild f\u00fcr ALLE, die es durchschreiten, es betrachten. Es soll zur Ruhe und Besinnung verhelfen. Der Weg durch das Labyrinth bietet eine M\u00f6glichkeit, \u00fcber das eigene Leben nachzudenken.<\/p>\n\n\n\n<p>Die Kehren erinnern uns an die Wendemarken unseres eigenen Lebens. Die gro\u00dfen Schleifen lassen uns nachdenken \u00fcber den Sinn von Umwegen, und sie dienen als Ein\u00fcbung in Geduld. Das Ziel in der Mitte gibt Gelegenheit zur inneren Einkehr, zum Gebet, zur Meditation.<\/p>\n\n\n\n<p>Und auch die R\u00fcckkehr hat ihren Sinn. So wie wir im Leben auf H\u00f6he- oder Scheitelpunkte zugehen, m\u00fcssen wir diese auch immer wieder loslassen. Stets hei\u00dft es, wieder in den Alltag zur\u00fcckzukehren, wieder zur\u00fcckkehren zu k\u00f6nnen!<\/p>\n\n\n\n<p>Das Gehen, schweigend und in Ruhe, nicht zielgerichtet, nur dem Weg folgend, richtet unsere Gedanken auf unser Leben und auf die Spur zu Gott. Probier es aus &#8211; <strong>wage den Schritt<\/strong> hinein ins Labyrinth und &#8211; <strong>NIMM DIR ZEIT!<\/strong><\/p>\n<\/div>\n","protected":false},"excerpt":{"rendered":"<p>Das Labyrinth &#8211; Eine Anleitung Vielleicht sind Sie bereits auf dem Meditationsweg hierher gekommen? &#8230; haben sich meditativ eingestimmt w\u00e4hrend der Wanderung? &#8230; haben sich ausgetauscht mit Menschen, die sich mit Ihnen auf den Weg gemacht haben? &#8230; oder Sie sind in der Stille des Weges Ihren Gedanken nachgegangen? Um Ihnen den Gang durch das [&hellip;]<\/p>\n","protected":false},"author":2,"featured_media":0,"parent":0,"menu_order":0,"comment_status":"closed","ping_status":"closed","template":"","meta":{"footnotes":""},"class_list":["post-993","page","type-page","status-publish","hentry"],"jetpack_sharing_enabled":true,"_links":{"self":[{"href":"https:\/\/www.foerderkreis-christenberg.de\/index.php\/wp-json\/wp\/v2\/pages\/993","targetHints":{"allow":["GET"]}}],"collection":[{"href":"https:\/\/www.foerderkreis-christenberg.de\/index.php\/wp-json\/wp\/v2\/pages"}],"about":[{"href":"https:\/\/www.foerderkreis-christenberg.de\/index.php\/wp-json\/wp\/v2\/types\/page"}],"author":[{"embeddable":true,"href":"https:\/\/www.foerderkreis-christenberg.de\/index.php\/wp-json\/wp\/v2\/users\/2"}],"replies":[{"embeddable":true,"href":"https:\/\/www.foerderkreis-christenberg.de\/index.php\/wp-json\/wp\/v2\/comments?post=993"}],"version-history":[{"count":17,"href":"https:\/\/www.foerderkreis-christenberg.de\/index.php\/wp-json\/wp\/v2\/pages\/993\/revisions"}],"predecessor-version":[{"id":1362,"href":"https:\/\/www.foerderkreis-christenberg.de\/index.php\/wp-json\/wp\/v2\/pages\/993\/revisions\/1362"}],"wp:attachment":[{"href":"https:\/\/www.foerderkreis-christenberg.de\/index.php\/wp-json\/wp\/v2\/media?parent=993"}],"curies":[{"name":"wp","href":"https:\/\/api.w.org\/{rel}","templated":true}]}}

<div class="wp-block-group has-background has-global-padding is-layout-constrained wp-container-core-group-is-layout-c385debf wp-block-group-is-layout-constrained" style="background-color:#ffffff;padding-top:var(--wp--preset--spacing--20);padding-right:var(--wp--preset--spacing--20);padding-bottom:var(--wp--preset--spacing--20);padding-left:var(--wp--preset--spacing--20)">
<h2 class="wp-block-heading">Das Labyrinth &#8211; Eine Anleitung</h2>



<div class="wp-block-cover"><img loading="lazy" decoding="async" width="1024" height="768" class="wp-block-cover__image-background wp-image-441 size-large" alt="Labyrinth auf dem Christenberg" src="https://www.foerderkreis-christenberg.de/wp-content/uploads/2020/08/Labyrinth-Christenberg_Foto-Görmar-1024x768.jpg" data-object-fit="cover" srcset="https://www.foerderkreis-christenberg.de/wp-content/uploads/2020/08/Labyrinth-Christenberg_Foto-Görmar-1024x768.jpg 1024w, https://www.foerderkreis-christenberg.de/wp-content/uploads/2020/08/Labyrinth-Christenberg_Foto-Görmar-300x225.jpg 300w, https://www.foerderkreis-christenberg.de/wp-content/uploads/2020/08/Labyrinth-Christenberg_Foto-Görmar-768x576.jpg 768w, https://www.foerderkreis-christenberg.de/wp-content/uploads/2020/08/Labyrinth-Christenberg_Foto-Görmar-1536x1152.jpg 1536w, https://www.foerderkreis-christenberg.de/wp-content/uploads/2020/08/Labyrinth-Christenberg_Foto-Görmar-2048x1536.jpg 2048w" sizes="auto, (max-width: 1024px) 100vw, 1024px" /><span aria-hidden="true" class="wp-block-cover__background has-background-dim" style="background-color:#7a7263"></span><div class="wp-block-cover__inner-container has-global-padding is-layout-constrained wp-block-cover-is-layout-constrained">
<p class="has-text-align-center has-large-font-size">Verschlungene Wege &#8211; du gehst nur scheinbar im Kreis &#8230;</p>
</div></div>



<div style="height:20px" aria-hidden="true" class="wp-block-spacer"></div>



<p>Vielleicht sind Sie bereits auf dem <strong>Meditationsweg</strong> hierher gekommen? &#8230; haben sich meditativ eingestimmt während der Wanderung? &#8230; haben sich ausgetauscht mit Menschen, die sich mit Ihnen auf den Weg gemacht haben? &#8230; oder Sie sind in der Stille des Weges Ihren Gedanken nachgegangen?</p>



<div class="wp-block-cover"><img loading="lazy" decoding="async" width="1024" height="768" class="wp-block-cover__image-background wp-image-442 size-large" alt="Labyrinth auf dem Christenberg" src="https://www.foerderkreis-christenberg.de/wp-content/uploads/2020/08/IMG_20190928_140425-1024x768.jpg" data-object-fit="cover" srcset="https://www.foerderkreis-christenberg.de/wp-content/uploads/2020/08/IMG_20190928_140425-1024x768.jpg 1024w, https://www.foerderkreis-christenberg.de/wp-content/uploads/2020/08/IMG_20190928_140425-300x225.jpg 300w, https://www.foerderkreis-christenberg.de/wp-content/uploads/2020/08/IMG_20190928_140425-768x576.jpg 768w, https://www.foerderkreis-christenberg.de/wp-content/uploads/2020/08/IMG_20190928_140425-1536x1152.jpg 1536w, https://www.foerderkreis-christenberg.de/wp-content/uploads/2020/08/IMG_20190928_140425-2048x1536.jpg 2048w" sizes="auto, (max-width: 1024px) 100vw, 1024px" /><span aria-hidden="true" class="wp-block-cover__background has-background-dim" style="background-color:#686362"></span><div class="wp-block-cover__inner-container has-global-padding is-layout-constrained wp-block-cover-is-layout-constrained">
<p class="has-text-align-center has-large-font-size">Einfach abkürzen? Der Weg ist das Ziel!</p>
</div></div>



<div style="height:20px" aria-hidden="true" class="wp-block-spacer"></div>



<p>Um Ihnen den <strong>Gang durch das Labyrinth</strong> noch intensiver und interessanter zu machen, möchten wir Ihnen eine kurze Anleitung zur Hand, Ihnen einige Gedanken mit auf den Weg geben:</p>



<ul class="wp-block-list">
<li>Was motiviert mich zu gehen?</li>



<li>Was beeinträchtigt meinen Weg?</li>



<li>Der Weg ist nicht perfekt!</li>



<li>Ich denke auch an die Windungen meines Lebens-Weges &#8230;</li>



<li>&#8230; ebenso an Höhepunkte, Tiefpunkte, Umwege &#8230;</li>



<li>Auf welchem Untergrund gehe ich?</li>



<li>Was macht es mir leicht, zu gehen &#8230;</li>



<li>&#8230; und was macht es mühsam?</li>



<li>Dem Ziel ganz nah und doch so fern &#8230;</li>



<li>&#8230; warum kann ich nicht abkürzen?</li>



<li>Ich sehe mein Ziel &#8211; wie sieht es aus?</li>



<li>Ich bin am Ziel! Was sehe ich?</li>



<li>Wo ist der Ausgang?</li>



<li>Der Weg zurück &#8230;</li>



<li>&#8230; Umkehr oder Rückweg?</li>



<li>Was erwartet mich am Ausgang &#8230;</li>



<li>&#8230; und welchen Ausgang erwarte ich?</li>
</ul>



<div class="wp-block-cover is-light"><img loading="lazy" decoding="async" width="924" height="619" class="wp-block-cover__image-background wp-image-871 size-full" alt="" src="https://www.foerderkreis-christenberg.de/wp-content/uploads/2025/07/GlaubensPerlen.png" data-object-fit="cover" srcset="https://www.foerderkreis-christenberg.de/wp-content/uploads/2025/07/GlaubensPerlen.png 924w, https://www.foerderkreis-christenberg.de/wp-content/uploads/2025/07/GlaubensPerlen-300x201.png 300w, https://www.foerderkreis-christenberg.de/wp-content/uploads/2025/07/GlaubensPerlen-768x514.png 768w" sizes="auto, (max-width: 924px) 100vw, 924px" /><span aria-hidden="true" class="wp-block-cover__background has-background-dim" style="background-color:#e5e8e2"></span><div class="wp-block-cover__inner-container has-global-padding is-layout-constrained wp-block-cover-is-layout-constrained">
<p class="has-text-align-center has-large-font-size">Die Perlen des Glaubens &#8211; ein Kreis, wie auch das Labyrinth!</p>
</div></div>



<div style="height:20px" aria-hidden="true" class="wp-block-spacer"></div>



<h2 class="wp-block-heading">Das Labyrinth als Sinnbild des Lebens</h2>



<p>&#8230; ein Sinnbild für ALLE, die es durchschreiten, es betrachten. Es soll zur Ruhe und Besinnung verhelfen. Der Weg durch das Labyrinth bietet eine Möglichkeit, über das eigene Leben nachzudenken.</p>



<p>Die Kehren erinnern uns an die Wendemarken unseres eigenen Lebens. Die großen Schleifen lassen uns nachdenken über den Sinn von Umwegen, und sie dienen als Einübung in Geduld. Das Ziel in der Mitte gibt Gelegenheit zur inneren Einkehr, zum Gebet, zur Meditation.</p>



<p>Und auch die Rückkehr hat ihren Sinn. So wie wir im Leben auf Höhe- oder Scheitelpunkte zugehen, müssen wir diese auch immer wieder loslassen. Stets heißt es, wieder in den Alltag zurückzukehren, wieder zurückkehren zu können!</p>



<p>Das Gehen, schweigend und in Ruhe, nicht zielgerichtet, nur dem Weg folgend, richtet unsere Gedanken auf unser Leben und auf die Spur zu Gott. Probier es aus &#8211; <strong>wage den Schritt</strong> hinein ins Labyrinth und &#8211; <strong>NIMM DIR ZEIT!</strong></p>
</div>

<p>Das Labyrinth &#8211; Eine Anleitung Vielleicht sind Sie bereits auf dem Meditationsweg hierher gekommen? &#8230; haben sich meditativ eingestimmt während der Wanderung? &#8230; haben sich ausgetauscht mit Menschen, die sich mit Ihnen auf den Weg gemacht haben? &#8230; oder Sie sind in der Stille des Weges Ihren Gedanken nachgegangen? Um Ihnen den Gang durch das [&hellip;]</p>
