{"id":773,"date":"2025-07-14T14:58:10","date_gmt":"2025-07-14T12:58:10","guid":{"rendered":"https:\/\/www.foerderkreis-christenberg.de\/?page_id=773"},"modified":"2026-02-16T22:33:12","modified_gmt":"2026-02-16T21:33:12","slug":"der-kuester-damals","status":"publish","type":"page","link":"https:\/\/www.foerderkreis-christenberg.de\/index.php\/altes-kuesterhaus\/der-kuester-damals\/","title":{"rendered":"Der K\u00fcster damals"},"content":{"rendered":"\n<div class=\"wp-block-group has-base-background-color has-background has-global-padding is-layout-constrained wp-container-core-group-is-layout-9e9be3cb wp-block-group-is-layout-constrained\" style=\"border-radius:10px;padding-top:var(--wp--preset--spacing--20);padding-right:var(--wp--preset--spacing--20);padding-bottom:var(--wp--preset--spacing--20);padding-left:var(--wp--preset--spacing--20);box-shadow:var(--wp--preset--shadow--natural)\">\n<div class=\"wp-block-group has-global-padding is-layout-constrained wp-block-group-is-layout-constrained\" style=\"border-radius:10px;box-shadow:var(--wp--preset--shadow--natural)\">\n<p>Der K\u00fcster war einst ein <strong>W\u00e4chter des Christenberges<\/strong> und hatte in der Waldeinsamkeit einen schweren Dienst zu leisten.<\/p>\n\n\n\n<p>Au\u00dferdem hatte der K\u00fcster noch als Schullehrer die Kinder des Nachbarortes Roda zu unterrichten. Daf\u00fcr erhielt er einen Fruchtzins, also eine in Naturalien zu entrichtende Abgabe.<\/p>\n<\/div>\n\n\n\n<figure class=\"wp-block-image size-large has-custom-border\"><img loading=\"lazy\" decoding=\"async\" width=\"1024\" height=\"787\" src=\"https:\/\/www.foerderkreis-christenberg.de\/wp-content\/uploads\/2018\/11\/K\u00fcsterhaus-vor-100-Jahren-1024x787.jpg\" alt=\"\" class=\"wp-image-323\" style=\"border-radius:20px;box-shadow:var(--wp--preset--shadow--natural)\" srcset=\"https:\/\/www.foerderkreis-christenberg.de\/wp-content\/uploads\/2018\/11\/K\u00fcsterhaus-vor-100-Jahren-1024x787.jpg 1024w, https:\/\/www.foerderkreis-christenberg.de\/wp-content\/uploads\/2018\/11\/K\u00fcsterhaus-vor-100-Jahren-300x230.jpg 300w, https:\/\/www.foerderkreis-christenberg.de\/wp-content\/uploads\/2018\/11\/K\u00fcsterhaus-vor-100-Jahren-768x590.jpg 768w, https:\/\/www.foerderkreis-christenberg.de\/wp-content\/uploads\/2018\/11\/K\u00fcsterhaus-vor-100-Jahren.jpg 1527w\" sizes=\"auto, (max-width: 1024px) 100vw, 1024px\" \/><\/figure>\n\n\n\n<div class=\"wp-block-group has-global-padding is-layout-constrained wp-block-group-is-layout-constrained\" style=\"border-radius:10px;box-shadow:var(--wp--preset--shadow--natural)\">\n<p>F\u00fcr seine Arbeiten standen ihm einfache Einrichtungen, Ger\u00e4te, Werkzeuge und Hilfsmittel zur Verf\u00fcgung. War er verheiratet, standen ihm Ehefrau und Kinder beiseite. Flie\u00dfendes Wasser, gar Elektrizit\u00e4t oder technische Einrichtungen, gab es nicht. Eink\u00e4ufe und andere Erledigungen galt es zu Fu\u00df, mit dem Fahrrad oder dem Kuhfuhrwerk zu bewerkstelligen.<\/p>\n\n\n\n<p>Die Kinder hatten eine rund vier Kilometer lange Strecke zur Schule nach M\u00fcnchhausen zu laufen. In sehr strengen Wintern waren die Menschen auf dem Christenberg zeitweise von der Au\u00dfenwelt abgeschnitten. Dann war es gleich nochmal so kalt und einsam.<\/p>\n\n\n\n<p>Seit Juni 1997 wohnt kein K\u00fcster mehr auf dem Christenberg. Die \u00bbalte K\u00fcsterwelt\u00ab ist Geschichte. Einige Photos im Eingangsflur des K\u00fcsterhauses zeigen Szenen aus der damaligen Zeit.<\/p>\n<\/div>\n\n\n\n<div class=\"wp-block-group has-global-padding is-layout-constrained wp-container-core-group-is-layout-639b5052 wp-block-group-is-layout-constrained\" style=\"padding-top:0;padding-right:0;padding-bottom:0;padding-left:0\">\n<div class=\"wp-block-group has-accent-2-background-color has-background has-global-padding is-layout-constrained wp-container-core-group-is-layout-9e9be3cb wp-block-group-is-layout-constrained\" style=\"border-radius:10px;padding-top:var(--wp--preset--spacing--20);padding-right:var(--wp--preset--spacing--20);padding-bottom:var(--wp--preset--spacing--20);padding-left:var(--wp--preset--spacing--20);box-shadow:var(--wp--preset--shadow--natural)\">\n<h2 class=\"wp-block-heading\">Pflichten und Aufgaben<\/h2>\n\n\n\n<p>Der Dienst war vielf\u00e4ltig und erf\u00fcllt von einer Menge an Aufgaben:<\/p>\n\n\n\n<ul class=\"wp-block-list\">\n<li>die \u00bbgeh\u00f6rige\u00ab \u00d6ffnung, Reinigung und Abschlie\u00dfung der Martinskirche<\/li>\n\n\n\n<li>das \u00bbfachm\u00e4nnische\u00ab L\u00e4uten der Glocke<\/li>\n\n\n\n<li>verschiedene Dienste zur Vorbereitung des Gottesdienstes und w\u00e4hrend desselben in der Martinskirche und auf dem Platz \u00bbIn den Schanzen\u00ab am Himmelfahrtstag<\/li>\n\n\n\n<li>Organistent\u00e4tigkeit in der Kirche zu Roda<\/li>\n\n\n\n<li>das Reinigen des Kirchpfades<\/li>\n\n\n\n<li>das Anweisen der Grabmacher f\u00fcr den enstsprechenden Platz zur Anlegung der Grabst\u00e4tte<\/li>\n\n\n\n<li>das \u00dcberwachen der Grabmacherarbeiten<\/li>\n\n\n\n<li>K\u00fcsterdienst bei Beerdigung<\/li>\n\n\n\n<li>das Fernhalten von jeglichem Vieh vom Kirchhof und \u00bballem, was mit dem heiligen Ort nicht im Einklang steht\u00ab<\/li>\n\n\n\n<li>das Anzeigen von Reparaturen<\/li>\n\n\n\n<li>das \u00bbm\u00f6glichste\u00ab Bewahren vor jedem Schaden der Dienstwohnung<\/li>\n\n\n\n<li>das flei\u00dfige Bewirtschaften der zur K\u00fcsterstelle geh\u00f6rigen L\u00e4ndereien<\/li>\n\n\n\n<li>das Pflegen des Kirchhofes<\/li>\n<\/ul>\n<\/div>\n<\/div>\n\n\n\n<div class=\"wp-block-group has-accent-2-background-color has-background has-global-padding is-layout-constrained wp-container-core-group-is-layout-9e9be3cb wp-block-group-is-layout-constrained\" style=\"border-radius:10px;padding-top:var(--wp--preset--spacing--20);padding-right:var(--wp--preset--spacing--20);padding-bottom:var(--wp--preset--spacing--20);padding-left:var(--wp--preset--spacing--20);box-shadow:var(--wp--preset--shadow--natural)\">\n<h2 class=\"wp-block-heading\">Die Entlohnung des K\u00fcsters<\/h2>\n\n\n\n<p>Die pachtfreie Nutzung des Ackerlandes, der Wiesen und des zum Anwesens geh\u00f6renden Gartens waren ein Hauptbestandteil der Entlohnung. Auch die Obsternte durfte &#8211; teilweise &#8211; einbehalten werden. Von den vier Gemeinden des Kirchspiels Christenberg erhielt der K\u00fcster aus jedem Haus 1 Rundgang Brot. F\u00fcr das L\u00e4uten der Glocke bei Beerdigungen gab es 1 Laib Brot. Brennholz und ein geringer Geldbetrag waren ein weiterer Teil der Entlohnung. Zudem hatte die Gemeinde die Geb\u00fchren f\u00fcr den Schornsteinfeger zu bezahlen.<\/p>\n\n\n\n<p>F\u00fcr das Schulehalten erhielt der K\u00fcster von den Eltern der Schulkinder Besoldungsbrot oder Fruchtzins, eine gewisse Menge Getreide, die er zu Fu\u00df nach Hause zu tragen hatte. (Die Gewichtung der Entlohnung war in den verschiedenen Zeitabschnitten nicht einheitlich.) Dar\u00fcber hinaus erhielt der Pfarrer vom K\u00fcster das Heu einer Wiese und die H\u00e4lfte des geernteten Obstes.<\/p>\n<\/div>\n<\/div>\n\n\n\n<div class=\"wp-block-group has-base-background-color has-background has-global-padding is-layout-constrained wp-container-core-group-is-layout-c06d165c wp-block-group-is-layout-constrained\" style=\"border-radius:10px;padding-top:0;padding-right:0;padding-bottom:0;padding-left:0;box-shadow:var(--wp--preset--shadow--natural)\">\n<figure class=\"wp-block-table is-style-regular has-medium-font-size\" style=\"margin-top:var(--wp--preset--spacing--30);margin-right:0;margin-bottom:var(--wp--preset--spacing--30);margin-left:0;padding-top:var(--wp--preset--spacing--20);padding-right:var(--wp--preset--spacing--20);padding-bottom:var(--wp--preset--spacing--20);padding-left:var(--wp--preset--spacing--20)\"><table class=\"has-accent-2-color has-contrast-background-color has-text-color has-background has-link-color has-fixed-layout\" style=\"border-width:4px\"><tbody><tr><td class=\"has-text-align-center\" data-align=\"center\"><a href=\"https:\/\/www.foerderkreis-christenberg.de\/index.php\/altes-kuesterhaus\/\" data-type=\"page\" data-id=\"16\">Altes K\u00fcsterhaus<\/a><\/td><td class=\"has-text-align-center\" data-align=\"center\"><a href=\"https:\/\/www.foerderkreis-christenberg.de\/index.php\/altes-kuesterhaus\/dauerausstellung\/\" data-type=\"page\" data-id=\"19\">Ausstellung im Museum<\/a><\/td><\/tr><tr><td class=\"has-text-align-center\" data-align=\"center\"><a href=\"https:\/\/www.foerderkreis-christenberg.de\/index.php\/altes-kuesterhaus\/wechselausstellungen\/\" data-type=\"page\" data-id=\"20\">Sonder-Ausstellung<\/a><\/td><td class=\"has-text-align-center\" data-align=\"center\"><a href=\"https:\/\/www.foerderkreis-christenberg.de\/index.php\/backhaus\/\" data-type=\"page\" data-id=\"482\">Das alte Backhaus<\/a><\/td><\/tr><\/tbody><\/table><\/figure>\n<\/div>\n\n\n\n<p><\/p>\n","protected":false},"excerpt":{"rendered":"<p>Der K\u00fcster war einst ein W\u00e4chter des Christenberges und hatte in der Waldeinsamkeit einen schweren Dienst zu leisten. Au\u00dferdem hatte der K\u00fcster noch als Schullehrer die Kinder des Nachbarortes Roda zu unterrichten. Daf\u00fcr erhielt er einen Fruchtzins, also eine in Naturalien zu entrichtende Abgabe. F\u00fcr seine Arbeiten standen ihm einfache Einrichtungen, Ger\u00e4te, Werkzeuge und Hilfsmittel [&hellip;]<\/p>\n","protected":false},"author":2,"featured_media":0,"parent":16,"menu_order":1,"comment_status":"closed","ping_status":"closed","template":"","meta":{"footnotes":""},"class_list":["post-773","page","type-page","status-publish","hentry"],"jetpack_sharing_enabled":true,"_links":{"self":[{"href":"https:\/\/www.foerderkreis-christenberg.de\/index.php\/wp-json\/wp\/v2\/pages\/773","targetHints":{"allow":["GET"]}}],"collection":[{"href":"https:\/\/www.foerderkreis-christenberg.de\/index.php\/wp-json\/wp\/v2\/pages"}],"about":[{"href":"https:\/\/www.foerderkreis-christenberg.de\/index.php\/wp-json\/wp\/v2\/types\/page"}],"author":[{"embeddable":true,"href":"https:\/\/www.foerderkreis-christenberg.de\/index.php\/wp-json\/wp\/v2\/users\/2"}],"replies":[{"embeddable":true,"href":"https:\/\/www.foerderkreis-christenberg.de\/index.php\/wp-json\/wp\/v2\/comments?post=773"}],"version-history":[{"count":15,"href":"https:\/\/www.foerderkreis-christenberg.de\/index.php\/wp-json\/wp\/v2\/pages\/773\/revisions"}],"predecessor-version":[{"id":2205,"href":"https:\/\/www.foerderkreis-christenberg.de\/index.php\/wp-json\/wp\/v2\/pages\/773\/revisions\/2205"}],"up":[{"embeddable":true,"href":"https:\/\/www.foerderkreis-christenberg.de\/index.php\/wp-json\/wp\/v2\/pages\/16"}],"wp:attachment":[{"href":"https:\/\/www.foerderkreis-christenberg.de\/index.php\/wp-json\/wp\/v2\/media?parent=773"}],"curies":[{"name":"wp","href":"https:\/\/api.w.org\/{rel}","templated":true}]}}

Der Küster damals

<div class="wp-block-group has-base-background-color has-background has-global-padding is-layout-constrained wp-container-core-group-is-layout-9e9be3cb wp-block-group-is-layout-constrained" style="border-radius:10px;padding-top:var(--wp--preset--spacing--20);padding-right:var(--wp--preset--spacing--20);padding-bottom:var(--wp--preset--spacing--20);padding-left:var(--wp--preset--spacing--20);box-shadow:var(--wp--preset--shadow--natural)">
<div class="wp-block-group has-global-padding is-layout-constrained wp-block-group-is-layout-constrained" style="border-radius:10px;box-shadow:var(--wp--preset--shadow--natural)">
<p>Der Küster war einst ein <strong>Wächter des Christenberges</strong> und hatte in der Waldeinsamkeit einen schweren Dienst zu leisten.</p>



<p>Außerdem hatte der Küster noch als Schullehrer die Kinder des Nachbarortes Roda zu unterrichten. Dafür erhielt er einen Fruchtzins, also eine in Naturalien zu entrichtende Abgabe.</p>
</div>



<figure class="wp-block-image size-large has-custom-border"><img loading="lazy" decoding="async" width="1024" height="787" src="https://www.foerderkreis-christenberg.de/wp-content/uploads/2018/11/Küsterhaus-vor-100-Jahren-1024x787.jpg" alt="" class="wp-image-323" style="border-radius:20px;box-shadow:var(--wp--preset--shadow--natural)" srcset="https://www.foerderkreis-christenberg.de/wp-content/uploads/2018/11/Küsterhaus-vor-100-Jahren-1024x787.jpg 1024w, https://www.foerderkreis-christenberg.de/wp-content/uploads/2018/11/Küsterhaus-vor-100-Jahren-300x230.jpg 300w, https://www.foerderkreis-christenberg.de/wp-content/uploads/2018/11/Küsterhaus-vor-100-Jahren-768x590.jpg 768w, https://www.foerderkreis-christenberg.de/wp-content/uploads/2018/11/Küsterhaus-vor-100-Jahren.jpg 1527w" sizes="auto, (max-width: 1024px) 100vw, 1024px" /></figure>



<div class="wp-block-group has-global-padding is-layout-constrained wp-block-group-is-layout-constrained" style="border-radius:10px;box-shadow:var(--wp--preset--shadow--natural)">
<p>Für seine Arbeiten standen ihm einfache Einrichtungen, Geräte, Werkzeuge und Hilfsmittel zur Verfügung. War er verheiratet, standen ihm Ehefrau und Kinder beiseite. Fließendes Wasser, gar Elektrizität oder technische Einrichtungen, gab es nicht. Einkäufe und andere Erledigungen galt es zu Fuß, mit dem Fahrrad oder dem Kuhfuhrwerk zu bewerkstelligen.</p>



<p>Die Kinder hatten eine rund vier Kilometer lange Strecke zur Schule nach Münchhausen zu laufen. In sehr strengen Wintern waren die Menschen auf dem Christenberg zeitweise von der Außenwelt abgeschnitten. Dann war es gleich nochmal so kalt und einsam.</p>



<p>Seit Juni 1997 wohnt kein Küster mehr auf dem Christenberg. Die »alte Küsterwelt« ist Geschichte. Einige Photos im Eingangsflur des Küsterhauses zeigen Szenen aus der damaligen Zeit.</p>
</div>



<div class="wp-block-group has-global-padding is-layout-constrained wp-container-core-group-is-layout-639b5052 wp-block-group-is-layout-constrained" style="padding-top:0;padding-right:0;padding-bottom:0;padding-left:0">
<div class="wp-block-group has-accent-2-background-color has-background has-global-padding is-layout-constrained wp-container-core-group-is-layout-9e9be3cb wp-block-group-is-layout-constrained" style="border-radius:10px;padding-top:var(--wp--preset--spacing--20);padding-right:var(--wp--preset--spacing--20);padding-bottom:var(--wp--preset--spacing--20);padding-left:var(--wp--preset--spacing--20);box-shadow:var(--wp--preset--shadow--natural)">
<h2 class="wp-block-heading">Pflichten und Aufgaben</h2>



<p>Der Dienst war vielfältig und erfüllt von einer Menge an Aufgaben:</p>



<ul class="wp-block-list">
<li>die »gehörige« Öffnung, Reinigung und Abschließung der Martinskirche</li>



<li>das »fachmännische« Läuten der Glocke</li>



<li>verschiedene Dienste zur Vorbereitung des Gottesdienstes und während desselben in der Martinskirche und auf dem Platz »In den Schanzen« am Himmelfahrtstag</li>



<li>Organistentätigkeit in der Kirche zu Roda</li>



<li>das Reinigen des Kirchpfades</li>



<li>das Anweisen der Grabmacher für den enstsprechenden Platz zur Anlegung der Grabstätte</li>



<li>das Überwachen der Grabmacherarbeiten</li>



<li>Küsterdienst bei Beerdigung</li>



<li>das Fernhalten von jeglichem Vieh vom Kirchhof und »allem, was mit dem heiligen Ort nicht im Einklang steht«</li>



<li>das Anzeigen von Reparaturen</li>



<li>das »möglichste« Bewahren vor jedem Schaden der Dienstwohnung</li>



<li>das fleißige Bewirtschaften der zur Küsterstelle gehörigen Ländereien</li>



<li>das Pflegen des Kirchhofes</li>
</ul>
</div>
</div>



<div class="wp-block-group has-accent-2-background-color has-background has-global-padding is-layout-constrained wp-container-core-group-is-layout-9e9be3cb wp-block-group-is-layout-constrained" style="border-radius:10px;padding-top:var(--wp--preset--spacing--20);padding-right:var(--wp--preset--spacing--20);padding-bottom:var(--wp--preset--spacing--20);padding-left:var(--wp--preset--spacing--20);box-shadow:var(--wp--preset--shadow--natural)">
<h2 class="wp-block-heading">Die Entlohnung des Küsters</h2>



<p>Die pachtfreie Nutzung des Ackerlandes, der Wiesen und des zum Anwesens gehörenden Gartens waren ein Hauptbestandteil der Entlohnung. Auch die Obsternte durfte &#8211; teilweise &#8211; einbehalten werden. Von den vier Gemeinden des Kirchspiels Christenberg erhielt der Küster aus jedem Haus 1 Rundgang Brot. Für das Läuten der Glocke bei Beerdigungen gab es 1 Laib Brot. Brennholz und ein geringer Geldbetrag waren ein weiterer Teil der Entlohnung. Zudem hatte die Gemeinde die Gebühren für den Schornsteinfeger zu bezahlen.</p>



<p>Für das Schulehalten erhielt der Küster von den Eltern der Schulkinder Besoldungsbrot oder Fruchtzins, eine gewisse Menge Getreide, die er zu Fuß nach Hause zu tragen hatte. (Die Gewichtung der Entlohnung war in den verschiedenen Zeitabschnitten nicht einheitlich.) Darüber hinaus erhielt der Pfarrer vom Küster das Heu einer Wiese und die Hälfte des geernteten Obstes.</p>
</div>
</div>



<div class="wp-block-group has-base-background-color has-background has-global-padding is-layout-constrained wp-container-core-group-is-layout-c06d165c wp-block-group-is-layout-constrained" style="border-radius:10px;padding-top:0;padding-right:0;padding-bottom:0;padding-left:0;box-shadow:var(--wp--preset--shadow--natural)">
<figure class="wp-block-table is-style-regular has-medium-font-size" style="margin-top:var(--wp--preset--spacing--30);margin-right:0;margin-bottom:var(--wp--preset--spacing--30);margin-left:0;padding-top:var(--wp--preset--spacing--20);padding-right:var(--wp--preset--spacing--20);padding-bottom:var(--wp--preset--spacing--20);padding-left:var(--wp--preset--spacing--20)"><table class="has-accent-2-color has-contrast-background-color has-text-color has-background has-link-color has-fixed-layout" style="border-width:4px"><tbody><tr><td class="has-text-align-center" data-align="center"><a href="https://www.foerderkreis-christenberg.de/index.php/altes-kuesterhaus/" data-type="page" data-id="16">Altes Küsterhaus</a></td><td class="has-text-align-center" data-align="center"><a href="https://www.foerderkreis-christenberg.de/index.php/altes-kuesterhaus/dauerausstellung/" data-type="page" data-id="19">Ausstellung im Museum</a></td></tr><tr><td class="has-text-align-center" data-align="center"><a href="https://www.foerderkreis-christenberg.de/index.php/altes-kuesterhaus/wechselausstellungen/" data-type="page" data-id="20">Sonder-Ausstellung</a></td><td class="has-text-align-center" data-align="center"><a href="https://www.foerderkreis-christenberg.de/index.php/backhaus/" data-type="page" data-id="482">Das alte Backhaus</a></td></tr></tbody></table></figure>
</div>



<p></p>

<p>Der Küster war einst ein Wächter des Christenberges und hatte in der Waldeinsamkeit einen schweren Dienst zu leisten. Außerdem hatte der Küster noch als Schullehrer die Kinder des Nachbarortes Roda zu unterrichten. Dafür erhielt er einen Fruchtzins, also eine in Naturalien zu entrichtende Abgabe. Für seine Arbeiten standen ihm einfache Einrichtungen, Geräte, Werkzeuge und Hilfsmittel [&hellip;]</p>
