{"id":71,"date":"2016-06-30T19:31:04","date_gmt":"2016-06-30T17:31:04","guid":{"rendered":"http:\/\/www.foerderkreis-christenberg.de\/index.php\/beitrittserklaerung\/"},"modified":"2026-02-16T22:31:19","modified_gmt":"2026-02-16T21:31:19","slug":"beitrittundspenden","status":"publish","type":"page","link":"https:\/\/www.foerderkreis-christenberg.de\/index.php\/beitrittundspenden\/","title":{"rendered":"Beitritt &#8211; Spenden"},"content":{"rendered":"\n<div style=\"height:20px\" aria-hidden=\"true\" class=\"wp-block-spacer\"><\/div>\n\n\n\n<div class=\"wp-block-group has-base-background-color has-background has-global-padding is-layout-constrained wp-container-core-group-is-layout-9e9be3cb wp-block-group-is-layout-constrained\" style=\"border-radius:10px;padding-top:var(--wp--preset--spacing--20);padding-right:var(--wp--preset--spacing--20);padding-bottom:var(--wp--preset--spacing--20);padding-left:var(--wp--preset--spacing--20);box-shadow:var(--wp--preset--shadow--natural)\">\n<h2 class=\"wp-block-heading\">Beitritt zum F\u00f6rderkreis<\/h2>\n\n\n\n<div class=\"wp-block-group has-global-padding is-layout-constrained wp-container-core-group-is-layout-9e9be3cb wp-block-group-is-layout-constrained\" style=\"border-radius:10px;padding-top:var(--wp--preset--spacing--20);padding-right:var(--wp--preset--spacing--20);padding-bottom:var(--wp--preset--spacing--20);padding-left:var(--wp--preset--spacing--20);box-shadow:var(--wp--preset--shadow--natural)\">\n<div class=\"wp-block-group has-accent-2-background-color has-background has-global-padding is-layout-constrained wp-container-core-group-is-layout-9e9be3cb wp-block-group-is-layout-constrained\" style=\"border-radius:10px;padding-top:var(--wp--preset--spacing--20);padding-right:var(--wp--preset--spacing--20);padding-bottom:var(--wp--preset--spacing--20);padding-left:var(--wp--preset--spacing--20)\">\n<p>Sie m\u00f6chten aktiv bei der Gestaltung der Arbeit unseres F\u00f6rderkreises mitarbeiten? Herzlich willkommen &#8211; hier ist die Beitrittserkl\u00e4rung! Einfach downloaden und ausf\u00fcllen.<\/p>\n\n\n\n<h4 class=\"wp-block-heading has-base-background-color has-background\" style=\"border-radius:10px;padding-top:var(--wp--preset--spacing--20);padding-right:var(--wp--preset--spacing--20);padding-bottom:var(--wp--preset--spacing--20);padding-left:var(--wp--preset--spacing--20)\">&gt;&gt; <a href=\"https:\/\/www.foerderkreis-christenberg.de\/wp-content\/uploads\/2023\/07\/Beitrittserklaerung-Foerderkreis_2023.pdf\" target=\"_blank\" rel=\"noreferrer noopener\">hier die Beitrittserkl\u00e4rung herunterladen<\/a><\/h4>\n<\/div>\n\n\n\n<details class=\"wp-block-details has-accent-2-background-color has-background is-layout-flow wp-block-details-is-layout-flow\" style=\"border-width:1px;padding-top:var(--wp--preset--spacing--20);padding-right:var(--wp--preset--spacing--20);padding-bottom:var(--wp--preset--spacing--20);padding-left:var(--wp--preset--spacing--20)\"><summary>Ordentlich &#8211; oder f\u00f6rdernd?<\/summary>\n<ul class=\"wp-block-list\">\n<li>Wie unterscheiden wir zwischen ordentlichem und f\u00f6rderndem Mitglied?\n<ul class=\"wp-block-list\">\n<li>ein ordenliches Mitglied kann gew\u00e4hlt werden\/ist wahlberechtigt, nimmt aktiv an der Gestaltung der Vereinsziele teil <\/li>\n\n\n\n<li>ein f\u00f6rderndes Mitglied unterst\u00fctzt den Verein, ohne die Rechte und Pflichten eines ordentliches Mitglied<\/li>\n<\/ul>\n<\/li>\n<\/ul>\n<\/details>\n\n\n\n<div class=\"wp-block-group has-accent-2-background-color has-background has-global-padding is-layout-constrained wp-container-core-group-is-layout-9e9be3cb wp-block-group-is-layout-constrained\" style=\"border-radius:10px;padding-top:var(--wp--preset--spacing--20);padding-right:var(--wp--preset--spacing--20);padding-bottom:var(--wp--preset--spacing--20);padding-left:var(--wp--preset--spacing--20)\">\n<p>Der Mindestbetrag der Mitgliedschaft betr\u00e4gt j\u00e4hrlich 30 \u20ac.<\/p>\n\n\n\n<p>Bitte senden Sie die ausgef\u00fcllte und unterschiebene Beitrittserkl\u00e4rung an <a href=\"mailto:info@foerderkreis-christenberg.de\">info@foerderkreis-christenberg.de<\/a> .<\/p>\n<\/div>\n<\/div>\n\n\n\n<h2 class=\"wp-block-heading\">Spenden<\/h2>\n\n\n\n<div class=\"wp-block-group has-global-padding is-layout-constrained wp-container-core-group-is-layout-9e9be3cb wp-block-group-is-layout-constrained\" style=\"border-radius:10px;padding-top:var(--wp--preset--spacing--20);padding-right:var(--wp--preset--spacing--20);padding-bottom:var(--wp--preset--spacing--20);padding-left:var(--wp--preset--spacing--20);box-shadow:var(--wp--preset--shadow--natural)\">\n<div class=\"wp-block-group has-accent-2-background-color has-background has-global-padding is-layout-constrained wp-container-core-group-is-layout-9e9be3cb wp-block-group-is-layout-constrained\" style=\"border-radius:10px;padding-top:var(--wp--preset--spacing--20);padding-right:var(--wp--preset--spacing--20);padding-bottom:var(--wp--preset--spacing--20);padding-left:var(--wp--preset--spacing--20)\">\n<p>Sie m\u00f6chten die Arbeit des F\u00f6rderkreises mit einer finanziellen Zuwendung unterst\u00fctzen? Der F\u00f6rderkreis Christenberg freut sich \u00fcber Spenden. Sie tragen zum Erhalt und zur Pflege des Museums bei. Auch Ma\u00dfnahmen zur allgemeinen Versch\u00f6nerung des Christenberges k\u00f6nnen mitfinanziert werden. Hier die Kontodaten:<\/p>\n\n\n\n<p class=\"has-base-background-color has-background\" style=\"border-radius:10px;padding-top:var(--wp--preset--spacing--20);padding-right:var(--wp--preset--spacing--20);padding-bottom:var(--wp--preset--spacing--20);padding-left:var(--wp--preset--spacing--20)\"><strong>Empf\u00e4nger:<\/strong> F\u00f6rderkreis Christenberg e.V.<br><strong>Bank:<\/strong> Volksbank Mittelhessen eG<br><strong>IBAN:<\/strong> DE 94 5139 0000 0028 1568 04<br><strong>BIC:<\/strong> VBMHDE5F<\/p>\n\n\n\n<p>Spendenquittungen werden gerne ausgestellt.<\/p>\n<\/div>\n<\/div>\n<\/div>\n\n\n\n<div class=\"wp-block-group has-base-background-color has-background has-global-padding is-layout-constrained wp-container-core-group-is-layout-c06d165c wp-block-group-is-layout-constrained\" style=\"border-radius:10px;padding-top:0;padding-right:0;padding-bottom:0;padding-left:0;box-shadow:var(--wp--preset--shadow--natural)\">\n<figure class=\"wp-block-table is-style-regular has-medium-font-size\" style=\"margin-top:var(--wp--preset--spacing--30);margin-right:0;margin-bottom:var(--wp--preset--spacing--30);margin-left:0;padding-top:var(--wp--preset--spacing--20);padding-right:var(--wp--preset--spacing--20);padding-bottom:var(--wp--preset--spacing--20);padding-left:var(--wp--preset--spacing--20)\"><table class=\"has-accent-2-color has-contrast-background-color has-text-color has-background has-link-color has-fixed-layout\" style=\"border-width:4px\"><tbody><tr><td class=\"has-text-align-center\" data-align=\"center\"><a href=\"https:\/\/www.foerderkreis-christenberg.de\/index.php\/fuehrungen\/\" data-type=\"page\" data-id=\"66\">F\u00fchrungen<\/a><\/td><td class=\"has-text-align-center\" data-align=\"center\"><a href=\"https:\/\/www.foerderkreis-christenberg.de\/index.php\/kontakt\/\" data-type=\"page\" data-id=\"141\">Kontakt &#8211; Anfahrt<\/a><\/td><\/tr><tr><td class=\"has-text-align-center\" data-align=\"center\"><a href=\"https:\/\/www.foerderkreis-christenberg.de\/index.php\/publikationen\/\" data-type=\"page\" data-id=\"59\">Publikationen<\/a><\/td><td class=\"has-text-align-center\" data-align=\"center\"><a href=\"https:\/\/www.foerderkreis-christenberg.de\/index.php\/wir-ueber-uns\/\" data-type=\"page\" data-id=\"3\">Wir \u00fcber uns<\/a><\/td><\/tr><tr><td class=\"has-text-align-center\" data-align=\"center\"><a href=\"https:\/\/www.foerderkreis-christenberg.de\/\" data-type=\"page\" data-id=\"8\">Startseite<\/a><\/td><td class=\"has-text-align-center\" data-align=\"center\"><a href=\"https:\/\/www.foerderkreis-christenberg.de\/index.php\/kurzinfo\/\" data-type=\"page\" data-id=\"1051\">Kurz und b\u00fcndig<\/a><\/td><\/tr><\/tbody><\/table><\/figure>\n<\/div>\n","protected":false},"excerpt":{"rendered":"<p>Beitritt zum F\u00f6rderkreis Sie m\u00f6chten aktiv bei der Gestaltung der Arbeit unseres F\u00f6rderkreises mitarbeiten? Herzlich willkommen &#8211; hier ist die Beitrittserkl\u00e4rung! Einfach downloaden und ausf\u00fcllen. &gt;&gt; hier die Beitrittserkl\u00e4rung herunterladen Der Mindestbetrag der Mitgliedschaft betr\u00e4gt j\u00e4hrlich 30 \u20ac. Bitte senden Sie die ausgef\u00fcllte und unterschiebene Beitrittserkl\u00e4rung an info@foerderkreis-christenberg.de . Spenden Sie m\u00f6chten die Arbeit des [&hellip;]<\/p>\n","protected":false},"author":2,"featured_media":0,"parent":0,"menu_order":7,"comment_status":"closed","ping_status":"closed","template":"","meta":{"footnotes":""},"class_list":["post-71","page","type-page","status-publish","hentry"],"jetpack_sharing_enabled":true,"_links":{"self":[{"href":"https:\/\/www.foerderkreis-christenberg.de\/index.php\/wp-json\/wp\/v2\/pages\/71","targetHints":{"allow":["GET"]}}],"collection":[{"href":"https:\/\/www.foerderkreis-christenberg.de\/index.php\/wp-json\/wp\/v2\/pages"}],"about":[{"href":"https:\/\/www.foerderkreis-christenberg.de\/index.php\/wp-json\/wp\/v2\/types\/page"}],"author":[{"embeddable":true,"href":"https:\/\/www.foerderkreis-christenberg.de\/index.php\/wp-json\/wp\/v2\/users\/2"}],"replies":[{"embeddable":true,"href":"https:\/\/www.foerderkreis-christenberg.de\/index.php\/wp-json\/wp\/v2\/comments?post=71"}],"version-history":[{"count":21,"href":"https:\/\/www.foerderkreis-christenberg.de\/index.php\/wp-json\/wp\/v2\/pages\/71\/revisions"}],"predecessor-version":[{"id":2075,"href":"https:\/\/www.foerderkreis-christenberg.de\/index.php\/wp-json\/wp\/v2\/pages\/71\/revisions\/2075"}],"wp:attachment":[{"href":"https:\/\/www.foerderkreis-christenberg.de\/index.php\/wp-json\/wp\/v2\/media?parent=71"}],"curies":[{"name":"wp","href":"https:\/\/api.w.org\/{rel}","templated":true}]}}