{"id":68,"date":"2012-02-27T12:44:21","date_gmt":"2012-02-27T11:44:21","guid":{"rendered":"http:\/\/www.foerderkreis-christenberg.de\/index.php\/martinskulturweg\/"},"modified":"2026-02-16T22:31:46","modified_gmt":"2026-02-16T21:31:46","slug":"martinskulturweg","status":"publish","type":"page","link":"https:\/\/www.foerderkreis-christenberg.de\/index.php\/wege-zum-christenberg\/martinskulturweg\/","title":{"rendered":"Martinskulturweg"},"content":{"rendered":"\n<figure class=\"wp-block-image size-full is-resized has-custom-border\"><img loading=\"lazy\" decoding=\"async\" width=\"492\" height=\"336\" src=\"https:\/\/www.foerderkreis-christenberg.de\/wp-content\/uploads\/2026\/02\/Martinskirche-Sueden.jpg\" alt=\"\" class=\"wp-image-2237\" style=\"border-radius:20px;box-shadow:var(--wp--preset--shadow--natural);width:640px;height:auto\" srcset=\"https:\/\/www.foerderkreis-christenberg.de\/wp-content\/uploads\/2026\/02\/Martinskirche-Sueden.jpg 492w, https:\/\/www.foerderkreis-christenberg.de\/wp-content\/uploads\/2026\/02\/Martinskirche-Sueden-300x205.jpg 300w\" sizes=\"auto, (max-width: 492px) 100vw, 492px\" \/><\/figure>\n\n\n\n<div class=\"wp-block-group has-base-background-color has-background has-global-padding is-layout-constrained wp-container-core-group-is-layout-9e9be3cb wp-block-group-is-layout-constrained\" style=\"border-radius:10px;padding-top:var(--wp--preset--spacing--20);padding-right:var(--wp--preset--spacing--20);padding-bottom:var(--wp--preset--spacing--20);padding-left:var(--wp--preset--spacing--20);box-shadow:var(--wp--preset--shadow--natural)\">\n<div class=\"wp-block-group has-global-padding is-layout-constrained wp-block-group-is-layout-constrained\" style=\"border-radius:10px;box-shadow:var(--wp--preset--shadow--natural)\">\n<p class=\"has-accent-2-background-color has-background\" style=\"border-radius:10px;padding-top:var(--wp--preset--spacing--20);padding-right:var(--wp--preset--spacing--20);padding-bottom:var(--wp--preset--spacing--20);padding-left:var(--wp--preset--spacing--20)\">Seit September 2005 gibt es in der franz\u00f6sischen Stadt Tours das&nbsp;<strong>Europ\u00e4ische Kulturzentrum St. Martin von Tours<\/strong>. Das Zentrum widmet seine Arbeit dem Leben und Wirken des hl. Martin und bekam f\u00fcr sein Projekt \u201eAuf den Wegen europ\u00e4ischer Kultur: Folgend den Spuren des hl. Martin von Tours\u201c eine Auszeichnung des Europarates. Bei der Propagierung dieses Kulturweges steht der hl. Martin als&nbsp;<strong>Pers\u00f6nlichkeit f\u00fcr den europ\u00e4ischen Wert des Teilens und der N\u00e4chstenliebe<\/strong>.<\/p>\n\n\n\n<figure class=\"wp-block-gallery has-nested-images columns-default is-cropped has-accent-2-background-color has-background wp-block-gallery-1 is-layout-flex wp-block-gallery-is-layout-flex\" style=\"border-width:1px;border-radius:10px;padding-top:var(--wp--preset--spacing--20);padding-right:var(--wp--preset--spacing--20);padding-bottom:var(--wp--preset--spacing--20);padding-left:var(--wp--preset--spacing--20)\">\n<figure class=\"wp-block-image size-large\"><a href=\"https:\/\/www.foerderkreis-christenberg.de\/wp-content\/uploads\/2025\/07\/StMartinMantel.png\" target=\"_blank\" rel=\" noreferrer noopener\"><img loading=\"lazy\" decoding=\"async\" width=\"804\" height=\"940\" data-id=\"861\" src=\"https:\/\/www.foerderkreis-christenberg.de\/wp-content\/uploads\/2025\/07\/StMartinMantel.png\" alt=\"\" class=\"wp-image-861\" srcset=\"https:\/\/www.foerderkreis-christenberg.de\/wp-content\/uploads\/2025\/07\/StMartinMantel.png 804w, https:\/\/www.foerderkreis-christenberg.de\/wp-content\/uploads\/2025\/07\/StMartinMantel-257x300.png 257w, https:\/\/www.foerderkreis-christenberg.de\/wp-content\/uploads\/2025\/07\/StMartinMantel-768x898.png 768w\" sizes=\"auto, (max-width: 804px) 100vw, 804px\" \/><\/a><figcaption class=\"wp-element-caption\">Martin teilt den Mantel<\/figcaption><\/figure>\n\n\n\n<figure class=\"wp-block-image size-large\"><a href=\"https:\/\/www.foerderkreis-christenberg.de\/wp-content\/uploads\/2012\/02\/martinsfuss.JPG\" target=\"_blank\" rel=\" noreferrer noopener\"><img loading=\"lazy\" decoding=\"async\" width=\"683\" height=\"1024\" data-id=\"67\" src=\"https:\/\/www.foerderkreis-christenberg.de\/wp-content\/uploads\/2012\/02\/martinsfuss-683x1024.jpg\" alt=\"martinsfuss\" class=\"wp-image-67\" srcset=\"https:\/\/www.foerderkreis-christenberg.de\/wp-content\/uploads\/2012\/02\/martinsfuss.JPG 683w, https:\/\/www.foerderkreis-christenberg.de\/wp-content\/uploads\/2012\/02\/martinsfuss-200x300.jpg 200w\" sizes=\"auto, (max-width: 683px) 100vw, 683px\" \/><\/a><figcaption class=\"wp-element-caption\">St. Martin Fu\u00dfabdruck<\/figcaption><\/figure>\n<\/figure>\n<\/div>\n\n\n\n<div class=\"wp-block-group has-accent-2-background-color has-background has-global-padding is-layout-constrained wp-container-core-group-is-layout-9e9be3cb wp-block-group-is-layout-constrained\" style=\"border-radius:10px;padding-top:var(--wp--preset--spacing--20);padding-right:var(--wp--preset--spacing--20);padding-bottom:var(--wp--preset--spacing--20);padding-left:var(--wp--preset--spacing--20);box-shadow:var(--wp--preset--shadow--natural)\">\n<p>Sichtbares Zeichen f\u00fcr die Unterst\u00fctzung des Kulturzentrum-Projektes ist ein Emblem mit dem \u201eFu\u00dfabdruck des heiligen Martin\u201c, welches an Martinskirchen und Kulturdenkm\u00e4lern mit Martins-Tradition angebracht ist. Es will dazu einladen, selbst in die Fu\u00dfstapfen des hl. Martin zu treten und den Gedanken des Teilens und der christlichen N\u00e4chstenliebe zu f\u00f6rdern.<\/p>\n\n\n\n<p style=\"padding-top:0;padding-right:0;padding-bottom:0;padding-left:0\">Ein solches Emblem befindet sich seit dem Martinstag 2007 auch vor dem Eingang der Kirche auf dem Christenberg. Es soll auf die Bedeutung dieser schon fr\u00fch dem hl. Martin geweihten Kirche, wie auch des gesamten Christenberges, als eine Station auf den Wegen europ\u00e4ischer Kultur hinweisen. Damit kann Touristen und kulturell interessierten Menschen \u2013 in Anlehnung an den St.-Jakobs-Pilgerweg nach Santiago de Compostela \u2013 das gemeinsame kulturelle Erbe verdeutlicht werden. Das Emblem besitzt neben dem Bild des Fu\u00dfabdrucks auch das Attribut des hl. Martin, den mit dem Schwert geteilten Mantel, am linken unteren Rand.<\/p>\n<\/div>\n<\/div>\n\n\n\n<div class=\"wp-block-group has-base-background-color has-background has-global-padding is-layout-constrained wp-container-core-group-is-layout-c06d165c wp-block-group-is-layout-constrained\" style=\"border-radius:10px;padding-top:0;padding-right:0;padding-bottom:0;padding-left:0;box-shadow:var(--wp--preset--shadow--natural)\">\n<figure class=\"wp-block-table is-style-regular has-medium-font-size\" style=\"margin-top:var(--wp--preset--spacing--30);margin-right:0;margin-bottom:var(--wp--preset--spacing--30);margin-left:0;padding-top:var(--wp--preset--spacing--20);padding-right:var(--wp--preset--spacing--20);padding-bottom:var(--wp--preset--spacing--20);padding-left:var(--wp--preset--spacing--20)\"><table class=\"has-accent-2-color has-contrast-background-color has-text-color has-background has-link-color has-fixed-layout\" style=\"border-width:4px\"><tbody><tr><td class=\"has-text-align-center\" data-align=\"center\"><a href=\"https:\/\/www.foerderkreis-christenberg.de\/index.php\/wege-zum-christenberg\/hugenotten-und-waldenserpfad\/\" data-type=\"page\" data-id=\"70\">Hugenotten und Waldenser<\/a><\/td><td class=\"has-text-align-center\" data-align=\"center\"><a href=\"https:\/\/www.foerderkreis-christenberg.de\/index.php\/wege-zum-christenberg\/\" data-type=\"page\" data-id=\"31\">Wege zum Christenberg<\/a><\/td><\/tr><tr><td class=\"has-text-align-center\" data-align=\"center\"><a href=\"https:\/\/www.foerderkreis-christenberg.de\/index.php\/wege-zum-christenberg\/meditationsweg-perlen-des-glaubens\/\" data-type=\"page\" data-id=\"465\">Meditationsweg<\/a><\/td><td class=\"has-text-align-center\" data-align=\"center\"><a href=\"https:\/\/www.foerderkreis-christenberg.de\/index.php\/aktivitaeten\/\" data-type=\"page\" data-id=\"39\">Aktiv unterwegs<\/a><\/td><\/tr><tr><td class=\"has-text-align-center\" data-align=\"center\"><a href=\"https:\/\/www.foerderkreis-christenberg.de\/index.php\/aktivitaeten\/radfahren-und-rasten\/\" data-type=\"page\" data-id=\"35\">Radfahren und Rasten<\/a><\/td><td class=\"has-text-align-center\" data-align=\"center\"><a href=\"https:\/\/www.foerderkreis-christenberg.de\/index.php\/aktivitaeten\/wandern-und-rasten\/\" data-type=\"page\" data-id=\"33\">Wandern und Rasten<\/a><\/td><\/tr><\/tbody><\/table><\/figure>\n<\/div>\n","protected":false},"excerpt":{"rendered":"<p>Seit September 2005 gibt es in der franz\u00f6sischen Stadt Tours das&nbsp;Europ\u00e4ische Kulturzentrum St. Martin von Tours. Das Zentrum widmet seine Arbeit dem Leben und Wirken des hl. Martin und bekam f\u00fcr sein Projekt \u201eAuf den Wegen europ\u00e4ischer Kultur: Folgend den Spuren des hl. Martin von Tours\u201c eine Auszeichnung des Europarates. Bei der Propagierung dieses Kulturweges [&hellip;]<\/p>\n","protected":false},"author":2,"featured_media":0,"parent":31,"menu_order":2,"comment_status":"closed","ping_status":"closed","template":"","meta":{"footnotes":""},"class_list":["post-68","page","type-page","status-publish","hentry"],"jetpack_sharing_enabled":true,"_links":{"self":[{"href":"https:\/\/www.foerderkreis-christenberg.de\/index.php\/wp-json\/wp\/v2\/pages\/68","targetHints":{"allow":["GET"]}}],"collection":[{"href":"https:\/\/www.foerderkreis-christenberg.de\/index.php\/wp-json\/wp\/v2\/pages"}],"about":[{"href":"https:\/\/www.foerderkreis-christenberg.de\/index.php\/wp-json\/wp\/v2\/types\/page"}],"author":[{"embeddable":true,"href":"https:\/\/www.foerderkreis-christenberg.de\/index.php\/wp-json\/wp\/v2\/users\/2"}],"replies":[{"embeddable":true,"href":"https:\/\/www.foerderkreis-christenberg.de\/index.php\/wp-json\/wp\/v2\/comments?post=68"}],"version-history":[{"count":23,"href":"https:\/\/www.foerderkreis-christenberg.de\/index.php\/wp-json\/wp\/v2\/pages\/68\/revisions"}],"predecessor-version":[{"id":2240,"href":"https:\/\/www.foerderkreis-christenberg.de\/index.php\/wp-json\/wp\/v2\/pages\/68\/revisions\/2240"}],"up":[{"embeddable":true,"href":"https:\/\/www.foerderkreis-christenberg.de\/index.php\/wp-json\/wp\/v2\/pages\/31"}],"wp:attachment":[{"href":"https:\/\/www.foerderkreis-christenberg.de\/index.php\/wp-json\/wp\/v2\/media?parent=68"}],"curies":[{"name":"wp","href":"https:\/\/api.w.org\/{rel}","templated":true}]}}

<figure class="wp-block-image size-full is-resized has-custom-border"><img loading="lazy" decoding="async" width="492" height="336" src="https://www.foerderkreis-christenberg.de/wp-content/uploads/2026/02/Martinskirche-Sueden.jpg" alt="" class="wp-image-2237" style="border-radius:20px;box-shadow:var(--wp--preset--shadow--natural);width:640px;height:auto" srcset="https://www.foerderkreis-christenberg.de/wp-content/uploads/2026/02/Martinskirche-Sueden.jpg 492w, https://www.foerderkreis-christenberg.de/wp-content/uploads/2026/02/Martinskirche-Sueden-300x205.jpg 300w" sizes="auto, (max-width: 492px) 100vw, 492px" /></figure>



<div class="wp-block-group has-base-background-color has-background has-global-padding is-layout-constrained wp-container-core-group-is-layout-9e9be3cb wp-block-group-is-layout-constrained" style="border-radius:10px;padding-top:var(--wp--preset--spacing--20);padding-right:var(--wp--preset--spacing--20);padding-bottom:var(--wp--preset--spacing--20);padding-left:var(--wp--preset--spacing--20);box-shadow:var(--wp--preset--shadow--natural)">
<div class="wp-block-group has-global-padding is-layout-constrained wp-block-group-is-layout-constrained" style="border-radius:10px;box-shadow:var(--wp--preset--shadow--natural)">
<p class="has-accent-2-background-color has-background" style="border-radius:10px;padding-top:var(--wp--preset--spacing--20);padding-right:var(--wp--preset--spacing--20);padding-bottom:var(--wp--preset--spacing--20);padding-left:var(--wp--preset--spacing--20)">Seit September 2005 gibt es in der französischen Stadt Tours das&nbsp;<strong>Europäische Kulturzentrum St. Martin von Tours</strong>. Das Zentrum widmet seine Arbeit dem Leben und Wirken des hl. Martin und bekam für sein Projekt „Auf den Wegen europäischer Kultur: Folgend den Spuren des hl. Martin von Tours“ eine Auszeichnung des Europarates. Bei der Propagierung dieses Kulturweges steht der hl. Martin als&nbsp;<strong>Persönlichkeit für den europäischen Wert des Teilens und der Nächstenliebe</strong>.</p>



<figure class="wp-block-gallery has-nested-images columns-default is-cropped has-accent-2-background-color has-background wp-block-gallery-1 is-layout-flex wp-block-gallery-is-layout-flex" style="border-width:1px;border-radius:10px;padding-top:var(--wp--preset--spacing--20);padding-right:var(--wp--preset--spacing--20);padding-bottom:var(--wp--preset--spacing--20);padding-left:var(--wp--preset--spacing--20)">
<figure class="wp-block-image size-large"><a href="https://www.foerderkreis-christenberg.de/wp-content/uploads/2025/07/StMartinMantel.png" target="_blank" rel=" noreferrer noopener"><img loading="lazy" decoding="async" width="804" height="940" data-id="861" src="https://www.foerderkreis-christenberg.de/wp-content/uploads/2025/07/StMartinMantel.png" alt="" class="wp-image-861" srcset="https://www.foerderkreis-christenberg.de/wp-content/uploads/2025/07/StMartinMantel.png 804w, https://www.foerderkreis-christenberg.de/wp-content/uploads/2025/07/StMartinMantel-257x300.png 257w, https://www.foerderkreis-christenberg.de/wp-content/uploads/2025/07/StMartinMantel-768x898.png 768w" sizes="auto, (max-width: 804px) 100vw, 804px" /></a><figcaption class="wp-element-caption">Martin teilt den Mantel</figcaption></figure>



<figure class="wp-block-image size-large"><a href="https://www.foerderkreis-christenberg.de/wp-content/uploads/2012/02/martinsfuss.JPG" target="_blank" rel=" noreferrer noopener"><img loading="lazy" decoding="async" width="683" height="1024" data-id="67" src="https://www.foerderkreis-christenberg.de/wp-content/uploads/2012/02/martinsfuss-683x1024.jpg" alt="martinsfuss" class="wp-image-67" srcset="https://www.foerderkreis-christenberg.de/wp-content/uploads/2012/02/martinsfuss.JPG 683w, https://www.foerderkreis-christenberg.de/wp-content/uploads/2012/02/martinsfuss-200x300.jpg 200w" sizes="auto, (max-width: 683px) 100vw, 683px" /></a><figcaption class="wp-element-caption">St. Martin Fußabdruck</figcaption></figure>
</figure>
</div>



<div class="wp-block-group has-accent-2-background-color has-background has-global-padding is-layout-constrained wp-container-core-group-is-layout-9e9be3cb wp-block-group-is-layout-constrained" style="border-radius:10px;padding-top:var(--wp--preset--spacing--20);padding-right:var(--wp--preset--spacing--20);padding-bottom:var(--wp--preset--spacing--20);padding-left:var(--wp--preset--spacing--20);box-shadow:var(--wp--preset--shadow--natural)">
<p>Sichtbares Zeichen für die Unterstützung des Kulturzentrum-Projektes ist ein Emblem mit dem „Fußabdruck des heiligen Martin“, welches an Martinskirchen und Kulturdenkmälern mit Martins-Tradition angebracht ist. Es will dazu einladen, selbst in die Fußstapfen des hl. Martin zu treten und den Gedanken des Teilens und der christlichen Nächstenliebe zu fördern.</p>



<p style="padding-top:0;padding-right:0;padding-bottom:0;padding-left:0">Ein solches Emblem befindet sich seit dem Martinstag 2007 auch vor dem Eingang der Kirche auf dem Christenberg. Es soll auf die Bedeutung dieser schon früh dem hl. Martin geweihten Kirche, wie auch des gesamten Christenberges, als eine Station auf den Wegen europäischer Kultur hinweisen. Damit kann Touristen und kulturell interessierten Menschen – in Anlehnung an den St.-Jakobs-Pilgerweg nach Santiago de Compostela – das gemeinsame kulturelle Erbe verdeutlicht werden. Das Emblem besitzt neben dem Bild des Fußabdrucks auch das Attribut des hl. Martin, den mit dem Schwert geteilten Mantel, am linken unteren Rand.</p>
</div>
</div>



<div class="wp-block-group has-base-background-color has-background has-global-padding is-layout-constrained wp-container-core-group-is-layout-c06d165c wp-block-group-is-layout-constrained" style="border-radius:10px;padding-top:0;padding-right:0;padding-bottom:0;padding-left:0;box-shadow:var(--wp--preset--shadow--natural)">
<figure class="wp-block-table is-style-regular has-medium-font-size" style="margin-top:var(--wp--preset--spacing--30);margin-right:0;margin-bottom:var(--wp--preset--spacing--30);margin-left:0;padding-top:var(--wp--preset--spacing--20);padding-right:var(--wp--preset--spacing--20);padding-bottom:var(--wp--preset--spacing--20);padding-left:var(--wp--preset--spacing--20)"><table class="has-accent-2-color has-contrast-background-color has-text-color has-background has-link-color has-fixed-layout" style="border-width:4px"><tbody><tr><td class="has-text-align-center" data-align="center"><a href="https://www.foerderkreis-christenberg.de/index.php/wege-zum-christenberg/hugenotten-und-waldenserpfad/" data-type="page" data-id="70">Hugenotten und Waldenser</a></td><td class="has-text-align-center" data-align="center"><a href="https://www.foerderkreis-christenberg.de/index.php/wege-zum-christenberg/" data-type="page" data-id="31">Wege zum Christenberg</a></td></tr><tr><td class="has-text-align-center" data-align="center"><a href="https://www.foerderkreis-christenberg.de/index.php/wege-zum-christenberg/meditationsweg-perlen-des-glaubens/" data-type="page" data-id="465">Meditationsweg</a></td><td class="has-text-align-center" data-align="center"><a href="https://www.foerderkreis-christenberg.de/index.php/aktivitaeten/" data-type="page" data-id="39">Aktiv unterwegs</a></td></tr><tr><td class="has-text-align-center" data-align="center"><a href="https://www.foerderkreis-christenberg.de/index.php/aktivitaeten/radfahren-und-rasten/" data-type="page" data-id="35">Radfahren und Rasten</a></td><td class="has-text-align-center" data-align="center"><a href="https://www.foerderkreis-christenberg.de/index.php/aktivitaeten/wandern-und-rasten/" data-type="page" data-id="33">Wandern und Rasten</a></td></tr></tbody></table></figure>
</div>

<p>Seit September 2005 gibt es in der französischen Stadt Tours das&nbsp;Europäische Kulturzentrum St. Martin von Tours. Das Zentrum widmet seine Arbeit dem Leben und Wirken des hl. Martin und bekam für sein Projekt „Auf den Wegen europäischer Kultur: Folgend den Spuren des hl. Martin von Tours“ eine Auszeichnung des Europarates. Bei der Propagierung dieses Kulturweges [&hellip;]</p>
