{"id":59,"date":"2011-07-18T16:11:21","date_gmt":"2011-07-18T14:11:21","guid":{"rendered":"http:\/\/www.foerderkreis-christenberg.de\/index.php\/publikationen\/"},"modified":"2026-02-24T11:52:05","modified_gmt":"2026-02-24T10:52:05","slug":"publikationen","status":"publish","type":"page","link":"https:\/\/www.foerderkreis-christenberg.de\/index.php\/publikationen\/","title":{"rendered":"Publikationen &#8211; Shop"},"content":{"rendered":"\n<div class=\"wp-block-group has-base-background-color has-background has-global-padding is-layout-constrained wp-container-core-group-is-layout-9e9be3cb wp-block-group-is-layout-constrained\" style=\"border-radius:10px;padding-top:var(--wp--preset--spacing--20);padding-right:var(--wp--preset--spacing--20);padding-bottom:var(--wp--preset--spacing--20);padding-left:var(--wp--preset--spacing--20);box-shadow:var(--wp--preset--shadow--natural)\">\n<div class=\"wp-block-group is-style-section-4 has-global-padding is-layout-constrained wp-container-core-group-is-layout-c385debf wp-block-group-is-layout-constrained is-style-section-4--1\" style=\"border-style:none;border-width:0px;border-radius:10px;padding-top:var(--wp--preset--spacing--20);padding-right:var(--wp--preset--spacing--20);padding-bottom:var(--wp--preset--spacing--20);padding-left:var(--wp--preset--spacing--20)\">\n<h2 class=\"wp-block-heading\"><strong>Unser Kalender f\u00fcr 2026<\/strong><\/h2>\n\n\n\n<p>&#8230; mit stimmungsvollen Bildern der Martinskirche auf dem Christenberg war eine tolle Aktion! Die limitierte Auflage war schnell vergriffen.<\/p>\n\n\n\n<p>Der Kalender im DIN-A3-Format zeigt mit zw\u00f6lf professionellen Aufnahmen die Kirche &#8211; zu den Jahreszeiten, bei Tag oder Nacht, mit Milchstra\u00dfe oder Kometen. Tolle Bilder, die auch gerahmt noch lange Freude machen!<\/p>\n<\/div>\n\n\n\n<div class=\"wp-block-media-text is-stacked-on-mobile has-accent-2-background-color has-background\" style=\"border-radius:10px;padding-top:var(--wp--preset--spacing--20);padding-right:var(--wp--preset--spacing--20);padding-bottom:var(--wp--preset--spacing--20);padding-left:var(--wp--preset--spacing--20);grid-template-columns:37% auto\"><figure class=\"wp-block-media-text__media\"><img loading=\"lazy\" decoding=\"async\" width=\"443\" height=\"655\" src=\"https:\/\/www.foerderkreis-christenberg.de\/wp-content\/uploads\/2011\/07\/bastelbogen.jpg\" alt=\"bastelbogen\" class=\"wp-image-54 size-full\" srcset=\"https:\/\/www.foerderkreis-christenberg.de\/wp-content\/uploads\/2011\/07\/bastelbogen.jpg 443w, https:\/\/www.foerderkreis-christenberg.de\/wp-content\/uploads\/2011\/07\/bastelbogen-203x300.jpg 203w\" sizes=\"auto, (max-width: 443px) 100vw, 443px\" \/><\/figure><div class=\"wp-block-media-text__content\">\n<p><strong>Bastelbogen zum Nachbauen der Martinskirche<\/strong><\/p>\n\n\n\n<p>Anspruchsvoller Bastelbogen als Kartonheft.<\/p>\n\n\n\n<p>Preis: 5,- EUR<\/p>\n<\/div><\/div>\n\n\n\n<div class=\"wp-block-media-text has-media-on-the-right is-stacked-on-mobile has-accent-2-background-color has-background\" style=\"border-radius:10px;padding-top:var(--wp--preset--spacing--20);padding-right:var(--wp--preset--spacing--20);padding-bottom:var(--wp--preset--spacing--20);padding-left:var(--wp--preset--spacing--20);grid-template-columns:auto 36%\"><div class=\"wp-block-media-text__content\">\n<p><strong>Kelten und Franken auf dem Christenberg <\/strong><\/p>\n\n\n\n<p>Text: Armin Weber M.A. und Walter Holzapfel<\/p>\n\n\n\n<p>Hardcover mit Fadenheftung, 110 Seiten mit zahlreichen farbigen Abbildungen, Karten und Tabellen<\/p>\n\n\n\n<p>Preis: 18,- EUR<\/p>\n\n\n\n<p>Das Buch versenden wir auch, zuz\u00fcglich 5.- EUR f\u00fcr Porto und Versand. Bitte bestellen per E-mail an&nbsp;<a href=\"mailto:info@foerderkreis-christenberg.de\">info@foerderkreis-christenberg.de<\/a><\/p>\n<\/div><figure class=\"wp-block-media-text__media\"><img loading=\"lazy\" decoding=\"async\" width=\"542\" height=\"715\" src=\"https:\/\/www.foerderkreis-christenberg.de\/wp-content\/uploads\/2011\/07\/buchcover.jpg\" alt=\"buchcover\" class=\"wp-image-55 size-full\" srcset=\"https:\/\/www.foerderkreis-christenberg.de\/wp-content\/uploads\/2011\/07\/buchcover.jpg 542w, https:\/\/www.foerderkreis-christenberg.de\/wp-content\/uploads\/2011\/07\/buchcover-227x300.jpg 227w\" sizes=\"auto, (max-width: 542px) 100vw, 542px\" \/><\/figure><\/div>\n\n\n\n<div class=\"wp-block-media-text is-stacked-on-mobile has-accent-2-background-color has-background\" style=\"border-radius:10px;padding-top:var(--wp--preset--spacing--20);padding-right:var(--wp--preset--spacing--20);padding-bottom:var(--wp--preset--spacing--20);padding-left:var(--wp--preset--spacing--20);grid-template-columns:30% auto\"><figure class=\"wp-block-media-text__media\"><img loading=\"lazy\" decoding=\"async\" width=\"120\" height=\"120\" src=\"https:\/\/www.foerderkreis-christenberg.de\/wp-content\/uploads\/2011\/07\/martinskirche_heft.jpg\" alt=\"martinskircheheft\" class=\"wp-image-56 size-full\"\/><\/figure><div class=\"wp-block-media-text__content\">\n<p><strong>Martinskirche auf dem Christenberg<\/strong><\/p>\n\n\n\n<p>Text: &nbsp;Dr. Pablo de la Riestra<br>Herausgeber: F\u00f6rderkreis Christenberg e.V., M\u00fcnchhausen 2000, Neuauflage 2008. <\/p>\n\n\n\n<p>Der Autor, ein Kenner der sakralen und profanen Bauten des ausgehenden Mittelalters, hat die Martinskirche auf dem Christenberg einer architekturhistorischen Untersuchung unterzogen.<\/p>\n\n\n\n<p>Preis: 3,- EUR<\/p>\n<\/div><\/div>\n\n\n\n<div class=\"wp-block-media-text has-media-on-the-right is-stacked-on-mobile has-accent-2-background-color has-background\" style=\"border-radius:10px;padding-top:var(--wp--preset--spacing--20);padding-right:var(--wp--preset--spacing--20);padding-bottom:var(--wp--preset--spacing--20);padding-left:var(--wp--preset--spacing--20);grid-template-columns:auto 34%\"><div class=\"wp-block-media-text__content\">\n<p><strong>Altes K\u00fcsterhaus<\/strong><\/p>\n\n\n\n<p>Herausgeber: F\u00f6rderkreis Christenberg e.V.<br>Wissenswertes \u00fcber das Christenberger K\u00fcsterhaus und Informationen zur fr\u00e4nkischen Kesterburg.<\/p>\n\n\n\n<p>Preis: 3,-EUR<\/p>\n<\/div><figure class=\"wp-block-media-text__media\"><img loading=\"lazy\" decoding=\"async\" width=\"120\" height=\"120\" src=\"https:\/\/www.foerderkreis-christenberg.de\/wp-content\/uploads\/2011\/07\/kuesterhaus_heft.jpg\" alt=\"kuesterhausheft\" class=\"wp-image-57 size-full\"\/><\/figure><\/div>\n\n\n\n<div class=\"wp-block-media-text is-stacked-on-mobile has-accent-2-background-color has-background\" style=\"border-radius:10px;padding-top:var(--wp--preset--spacing--20);padding-right:var(--wp--preset--spacing--20);padding-bottom:var(--wp--preset--spacing--20);padding-left:var(--wp--preset--spacing--20);grid-template-columns:36% auto\"><figure class=\"wp-block-media-text__media\"><img loading=\"lazy\" decoding=\"async\" width=\"120\" height=\"120\" src=\"https:\/\/www.foerderkreis-christenberg.de\/wp-content\/uploads\/2011\/07\/grabdenkmale_heft.jpg\" alt=\"grabdenkmaleheft\" class=\"wp-image-58 size-full\"\/><\/figure><div class=\"wp-block-media-text__content\">\n<p><strong>Grabdenkmale<\/strong><\/p>\n\n\n\n<p>Text: Dr. Margret Lemberg<br>Herausgeber: F\u00f6rderkreis Christenberg e.V.<br>Reich bebilderte Erl\u00e4uterung der wiederaufgestellten Kleindenkmale auf dem Christenberg.<\/p>\n\n\n\n<p>Preis: 3,- EUR<\/p>\n<\/div><\/div>\n\n\n\n<p class=\"has-accent-2-background-color has-background\" style=\"border-radius:10px;padding-top:var(--wp--preset--spacing--20);padding-right:var(--wp--preset--spacing--20);padding-bottom:var(--wp--preset--spacing--20);padding-left:var(--wp--preset--spacing--20)\">Alle hier gezeigten Publikationen sind auch erh\u00e4ltlich in unserem <strong>Bauchladen<\/strong>. Der steht in der Martinskirche auf dem Gesangbuchwagen. Bezahlt wird bar in die am Wagen angebrachte <strong>Vertrauenskasse<\/strong>. Der Schl\u00fcssel zur Kirche ist &#8211; zu den \u00d6ffnungszeiten des Waldgasthauses Christenberg &#8211; ebenda erh\u00e4ltlich. Wer also mag, kann sich nach der Besichtigung der Kirche gleich etwas zum Lesen oder Basteln mit nach Hause nehmen! Wir w\u00fcnschen eine interessante Lekt\u00fcre und kniffligen Spa\u00df beim Nachbauen der Kirche.<\/p>\n<\/div>\n\n\n\n<div class=\"wp-block-group has-base-background-color has-background has-global-padding is-layout-constrained wp-container-core-group-is-layout-c06d165c wp-block-group-is-layout-constrained\" style=\"border-radius:10px;padding-top:0;padding-right:0;padding-bottom:0;padding-left:0;box-shadow:var(--wp--preset--shadow--natural)\">\n<figure class=\"wp-block-table is-style-regular has-medium-font-size\" style=\"margin-top:var(--wp--preset--spacing--30);margin-right:0;margin-bottom:var(--wp--preset--spacing--30);margin-left:0;padding-top:var(--wp--preset--spacing--20);padding-right:var(--wp--preset--spacing--20);padding-bottom:var(--wp--preset--spacing--20);padding-left:var(--wp--preset--spacing--20)\"><table class=\"has-accent-2-color has-contrast-background-color has-text-color has-background has-link-color has-fixed-layout\" style=\"border-width:4px\"><tbody><tr><td class=\"has-text-align-center\" data-align=\"center\"><a href=\"https:\/\/www.foerderkreis-christenberg.de\/index.php\/fuehrungen\/\" data-type=\"page\" data-id=\"66\">F\u00fchrungen<\/a><\/td><td class=\"has-text-align-center\" data-align=\"center\"><a href=\"https:\/\/www.foerderkreis-christenberg.de\/index.php\/kontakt\/\" data-type=\"page\" data-id=\"141\">Kontakt &#8211; Anfahrt<\/a><\/td><\/tr><tr><td class=\"has-text-align-center\" data-align=\"center\"><a href=\"https:\/\/www.foerderkreis-christenberg.de\/index.php\/wir-ueber-uns\/\" data-type=\"page\" data-id=\"3\">Wir \u00fcber uns<\/a><\/td><td class=\"has-text-align-center\" data-align=\"center\"><a href=\"https:\/\/www.foerderkreis-christenberg.de\/index.php\/beitrittundspenden\/\" data-type=\"page\" data-id=\"71\">Beitritt &#8211; Spenden<\/a><\/td><\/tr><tr><td class=\"has-text-align-center\" data-align=\"center\"><a href=\"https:\/\/www.foerderkreis-christenberg.de\/\" data-type=\"page\" data-id=\"8\">Startseite<\/a><\/td><td class=\"has-text-align-center\" data-align=\"center\"><a href=\"https:\/\/www.foerderkreis-christenberg.de\/index.php\/kurzinfo\/\" data-type=\"page\" data-id=\"1051\">Kurz und b\u00fcndig<\/a><\/td><\/tr><\/tbody><\/table><\/figure>\n<\/div>\n","protected":false},"excerpt":{"rendered":"<p>Unser Kalender f\u00fcr 2026 &#8230; mit stimmungsvollen Bildern der Martinskirche auf dem Christenberg war eine tolle Aktion! Die limitierte Auflage war schnell vergriffen. Der Kalender im DIN-A3-Format zeigt mit zw\u00f6lf professionellen Aufnahmen die Kirche &#8211; zu den Jahreszeiten, bei Tag oder Nacht, mit Milchstra\u00dfe oder Kometen. Tolle Bilder, die auch gerahmt noch lange Freude machen! [&hellip;]<\/p>\n","protected":false},"author":2,"featured_media":0,"parent":0,"menu_order":50,"comment_status":"closed","ping_status":"closed","template":"","meta":{"footnotes":""},"class_list":["post-59","page","type-page","status-publish","hentry"],"jetpack_sharing_enabled":true,"_links":{"self":[{"href":"https:\/\/www.foerderkreis-christenberg.de\/index.php\/wp-json\/wp\/v2\/pages\/59","targetHints":{"allow":["GET"]}}],"collection":[{"href":"https:\/\/www.foerderkreis-christenberg.de\/index.php\/wp-json\/wp\/v2\/pages"}],"about":[{"href":"https:\/\/www.foerderkreis-christenberg.de\/index.php\/wp-json\/wp\/v2\/types\/page"}],"author":[{"embeddable":true,"href":"https:\/\/www.foerderkreis-christenberg.de\/index.php\/wp-json\/wp\/v2\/users\/2"}],"replies":[{"embeddable":true,"href":"https:\/\/www.foerderkreis-christenberg.de\/index.php\/wp-json\/wp\/v2\/comments?post=59"}],"version-history":[{"count":30,"href":"https:\/\/www.foerderkreis-christenberg.de\/index.php\/wp-json\/wp\/v2\/pages\/59\/revisions"}],"predecessor-version":[{"id":2461,"href":"https:\/\/www.foerderkreis-christenberg.de\/index.php\/wp-json\/wp\/v2\/pages\/59\/revisions\/2461"}],"wp:attachment":[{"href":"https:\/\/www.foerderkreis-christenberg.de\/index.php\/wp-json\/wp\/v2\/media?parent=59"}],"curies":[{"name":"wp","href":"https:\/\/api.w.org\/{rel}","templated":true}]}}

<div class="wp-block-group has-base-background-color has-background has-global-padding is-layout-constrained wp-container-core-group-is-layout-9e9be3cb wp-block-group-is-layout-constrained" style="border-radius:10px;padding-top:var(--wp--preset--spacing--20);padding-right:var(--wp--preset--spacing--20);padding-bottom:var(--wp--preset--spacing--20);padding-left:var(--wp--preset--spacing--20);box-shadow:var(--wp--preset--shadow--natural)">
<div class="wp-block-group is-style-section-4 has-global-padding is-layout-constrained wp-container-core-group-is-layout-c385debf wp-block-group-is-layout-constrained is-style-section-4--1" style="border-style:none;border-width:0px;border-radius:10px;padding-top:var(--wp--preset--spacing--20);padding-right:var(--wp--preset--spacing--20);padding-bottom:var(--wp--preset--spacing--20);padding-left:var(--wp--preset--spacing--20)">
<h2 class="wp-block-heading"><strong>Unser Kalender für 2026</strong></h2>



<p>&#8230; mit stimmungsvollen Bildern der Martinskirche auf dem Christenberg war eine tolle Aktion! Die limitierte Auflage war schnell vergriffen.</p>



<p>Der Kalender im DIN-A3-Format zeigt mit zwölf professionellen Aufnahmen die Kirche &#8211; zu den Jahreszeiten, bei Tag oder Nacht, mit Milchstraße oder Kometen. Tolle Bilder, die auch gerahmt noch lange Freude machen!</p>
</div>



<div class="wp-block-media-text is-stacked-on-mobile has-accent-2-background-color has-background" style="border-radius:10px;padding-top:var(--wp--preset--spacing--20);padding-right:var(--wp--preset--spacing--20);padding-bottom:var(--wp--preset--spacing--20);padding-left:var(--wp--preset--spacing--20);grid-template-columns:37% auto"><figure class="wp-block-media-text__media"><img loading="lazy" decoding="async" width="443" height="655" src="https://www.foerderkreis-christenberg.de/wp-content/uploads/2011/07/bastelbogen.jpg" alt="bastelbogen" class="wp-image-54 size-full" srcset="https://www.foerderkreis-christenberg.de/wp-content/uploads/2011/07/bastelbogen.jpg 443w, https://www.foerderkreis-christenberg.de/wp-content/uploads/2011/07/bastelbogen-203x300.jpg 203w" sizes="auto, (max-width: 443px) 100vw, 443px" /></figure><div class="wp-block-media-text__content">
<p><strong>Bastelbogen zum Nachbauen der Martinskirche</strong></p>



<p>Anspruchsvoller Bastelbogen als Kartonheft.</p>



<p>Preis: 5,- EUR</p>
</div></div>



<div class="wp-block-media-text has-media-on-the-right is-stacked-on-mobile has-accent-2-background-color has-background" style="border-radius:10px;padding-top:var(--wp--preset--spacing--20);padding-right:var(--wp--preset--spacing--20);padding-bottom:var(--wp--preset--spacing--20);padding-left:var(--wp--preset--spacing--20);grid-template-columns:auto 36%"><div class="wp-block-media-text__content">
<p><strong>Kelten und Franken auf dem Christenberg </strong></p>



<p>Text: Armin Weber M.A. und Walter Holzapfel</p>



<p>Hardcover mit Fadenheftung, 110 Seiten mit zahlreichen farbigen Abbildungen, Karten und Tabellen</p>



<p>Preis: 18,- EUR</p>



<p>Das Buch versenden wir auch, zuzüglich 5.- EUR für Porto und Versand. Bitte bestellen per E-mail an&nbsp;<a href="mailto:info@foerderkreis-christenberg.de">info@foerderkreis-christenberg.de</a></p>
</div><figure class="wp-block-media-text__media"><img loading="lazy" decoding="async" width="542" height="715" src="https://www.foerderkreis-christenberg.de/wp-content/uploads/2011/07/buchcover.jpg" alt="buchcover" class="wp-image-55 size-full" srcset="https://www.foerderkreis-christenberg.de/wp-content/uploads/2011/07/buchcover.jpg 542w, https://www.foerderkreis-christenberg.de/wp-content/uploads/2011/07/buchcover-227x300.jpg 227w" sizes="auto, (max-width: 542px) 100vw, 542px" /></figure></div>



<div class="wp-block-media-text is-stacked-on-mobile has-accent-2-background-color has-background" style="border-radius:10px;padding-top:var(--wp--preset--spacing--20);padding-right:var(--wp--preset--spacing--20);padding-bottom:var(--wp--preset--spacing--20);padding-left:var(--wp--preset--spacing--20);grid-template-columns:30% auto"><figure class="wp-block-media-text__media"><img loading="lazy" decoding="async" width="120" height="120" src="https://www.foerderkreis-christenberg.de/wp-content/uploads/2011/07/martinskirche_heft.jpg" alt="martinskircheheft" class="wp-image-56 size-full"/></figure><div class="wp-block-media-text__content">
<p><strong>Martinskirche auf dem Christenberg</strong></p>



<p>Text: &nbsp;Dr. Pablo de la Riestra<br>Herausgeber: Förderkreis Christenberg e.V., Münchhausen 2000, Neuauflage 2008. </p>



<p>Der Autor, ein Kenner der sakralen und profanen Bauten des ausgehenden Mittelalters, hat die Martinskirche auf dem Christenberg einer architekturhistorischen Untersuchung unterzogen.</p>



<p>Preis: 3,- EUR</p>
</div></div>



<div class="wp-block-media-text has-media-on-the-right is-stacked-on-mobile has-accent-2-background-color has-background" style="border-radius:10px;padding-top:var(--wp--preset--spacing--20);padding-right:var(--wp--preset--spacing--20);padding-bottom:var(--wp--preset--spacing--20);padding-left:var(--wp--preset--spacing--20);grid-template-columns:auto 34%"><div class="wp-block-media-text__content">
<p><strong>Altes Küsterhaus</strong></p>



<p>Herausgeber: Förderkreis Christenberg e.V.<br>Wissenswertes über das Christenberger Küsterhaus und Informationen zur fränkischen Kesterburg.</p>



<p>Preis: 3,-EUR</p>
</div><figure class="wp-block-media-text__media"><img loading="lazy" decoding="async" width="120" height="120" src="https://www.foerderkreis-christenberg.de/wp-content/uploads/2011/07/kuesterhaus_heft.jpg" alt="kuesterhausheft" class="wp-image-57 size-full"/></figure></div>



<div class="wp-block-media-text is-stacked-on-mobile has-accent-2-background-color has-background" style="border-radius:10px;padding-top:var(--wp--preset--spacing--20);padding-right:var(--wp--preset--spacing--20);padding-bottom:var(--wp--preset--spacing--20);padding-left:var(--wp--preset--spacing--20);grid-template-columns:36% auto"><figure class="wp-block-media-text__media"><img loading="lazy" decoding="async" width="120" height="120" src="https://www.foerderkreis-christenberg.de/wp-content/uploads/2011/07/grabdenkmale_heft.jpg" alt="grabdenkmaleheft" class="wp-image-58 size-full"/></figure><div class="wp-block-media-text__content">
<p><strong>Grabdenkmale</strong></p>



<p>Text: Dr. Margret Lemberg<br>Herausgeber: Förderkreis Christenberg e.V.<br>Reich bebilderte Erläuterung der wiederaufgestellten Kleindenkmale auf dem Christenberg.</p>



<p>Preis: 3,- EUR</p>
</div></div>



<p class="has-accent-2-background-color has-background" style="border-radius:10px;padding-top:var(--wp--preset--spacing--20);padding-right:var(--wp--preset--spacing--20);padding-bottom:var(--wp--preset--spacing--20);padding-left:var(--wp--preset--spacing--20)">Alle hier gezeigten Publikationen sind auch erhältlich in unserem <strong>Bauchladen</strong>. Der steht in der Martinskirche auf dem Gesangbuchwagen. Bezahlt wird bar in die am Wagen angebrachte <strong>Vertrauenskasse</strong>. Der Schlüssel zur Kirche ist &#8211; zu den Öffnungszeiten des Waldgasthauses Christenberg &#8211; ebenda erhältlich. Wer also mag, kann sich nach der Besichtigung der Kirche gleich etwas zum Lesen oder Basteln mit nach Hause nehmen! Wir wünschen eine interessante Lektüre und kniffligen Spaß beim Nachbauen der Kirche.</p>
</div>



<div class="wp-block-group has-base-background-color has-background has-global-padding is-layout-constrained wp-container-core-group-is-layout-c06d165c wp-block-group-is-layout-constrained" style="border-radius:10px;padding-top:0;padding-right:0;padding-bottom:0;padding-left:0;box-shadow:var(--wp--preset--shadow--natural)">
<figure class="wp-block-table is-style-regular has-medium-font-size" style="margin-top:var(--wp--preset--spacing--30);margin-right:0;margin-bottom:var(--wp--preset--spacing--30);margin-left:0;padding-top:var(--wp--preset--spacing--20);padding-right:var(--wp--preset--spacing--20);padding-bottom:var(--wp--preset--spacing--20);padding-left:var(--wp--preset--spacing--20)"><table class="has-accent-2-color has-contrast-background-color has-text-color has-background has-link-color has-fixed-layout" style="border-width:4px"><tbody><tr><td class="has-text-align-center" data-align="center"><a href="https://www.foerderkreis-christenberg.de/index.php/fuehrungen/" data-type="page" data-id="66">Führungen</a></td><td class="has-text-align-center" data-align="center"><a href="https://www.foerderkreis-christenberg.de/index.php/kontakt/" data-type="page" data-id="141">Kontakt &#8211; Anfahrt</a></td></tr><tr><td class="has-text-align-center" data-align="center"><a href="https://www.foerderkreis-christenberg.de/index.php/wir-ueber-uns/" data-type="page" data-id="3">Wir über uns</a></td><td class="has-text-align-center" data-align="center"><a href="https://www.foerderkreis-christenberg.de/index.php/beitrittundspenden/" data-type="page" data-id="71">Beitritt &#8211; Spenden</a></td></tr><tr><td class="has-text-align-center" data-align="center"><a href="https://www.foerderkreis-christenberg.de/" data-type="page" data-id="8">Startseite</a></td><td class="has-text-align-center" data-align="center"><a href="https://www.foerderkreis-christenberg.de/index.php/kurzinfo/" data-type="page" data-id="1051">Kurz und bündig</a></td></tr></tbody></table></figure>
</div>

<p>Unser Kalender für 2026 &#8230; mit stimmungsvollen Bildern der Martinskirche auf dem Christenberg war eine tolle Aktion! Die limitierte Auflage war schnell vergriffen. Der Kalender im DIN-A3-Format zeigt mit zwölf professionellen Aufnahmen die Kirche &#8211; zu den Jahreszeiten, bei Tag oder Nacht, mit Milchstraße oder Kometen. Tolle Bilder, die auch gerahmt noch lange Freude machen! [&hellip;]</p>
