{"id":35,"date":"2011-07-04T14:41:30","date_gmt":"2011-07-04T12:41:30","guid":{"rendered":"http:\/\/www.foerderkreis-christenberg.de\/index.php\/radfahren-und-rasten\/"},"modified":"2026-02-16T22:34:03","modified_gmt":"2026-02-16T21:34:03","slug":"radfahren-und-rasten","status":"publish","type":"page","link":"https:\/\/www.foerderkreis-christenberg.de\/index.php\/aktivitaeten\/radfahren-und-rasten\/","title":{"rendered":"Radfahren und Rasten"},"content":{"rendered":"\n<figure class=\"wp-block-image size-large has-custom-border\"><img loading=\"lazy\" decoding=\"async\" width=\"1024\" height=\"768\" src=\"https:\/\/www.foerderkreis-christenberg.de\/wp-content\/uploads\/2018\/05\/Christenberg-013-1024x768.jpg\" alt=\"\" class=\"wp-image-203\" style=\"border-radius:20px;box-shadow:var(--wp--preset--shadow--natural)\" srcset=\"https:\/\/www.foerderkreis-christenberg.de\/wp-content\/uploads\/2018\/05\/Christenberg-013-1024x768.jpg 1024w, https:\/\/www.foerderkreis-christenberg.de\/wp-content\/uploads\/2018\/05\/Christenberg-013-300x225.jpg 300w, https:\/\/www.foerderkreis-christenberg.de\/wp-content\/uploads\/2018\/05\/Christenberg-013-768x576.jpg 768w, https:\/\/www.foerderkreis-christenberg.de\/wp-content\/uploads\/2018\/05\/Christenberg-013.jpg 1600w\" sizes=\"auto, (max-width: 1024px) 100vw, 1024px\" \/><\/figure>\n\n\n\n<div class=\"wp-block-group has-base-background-color has-background has-global-padding is-layout-constrained wp-container-core-group-is-layout-9e9be3cb wp-block-group-is-layout-constrained\" style=\"border-radius:10px;padding-top:var(--wp--preset--spacing--20);padding-right:var(--wp--preset--spacing--20);padding-bottom:var(--wp--preset--spacing--20);padding-left:var(--wp--preset--spacing--20);box-shadow:var(--wp--preset--shadow--natural)\">\n<div class=\"wp-block-group has-global-padding is-layout-constrained wp-container-core-group-is-layout-9e9be3cb wp-block-group-is-layout-constrained\" style=\"border-style:none;border-width:0px;border-radius:10px;padding-top:var(--wp--preset--spacing--20);padding-right:var(--wp--preset--spacing--20);padding-bottom:var(--wp--preset--spacing--20);padding-left:var(--wp--preset--spacing--20);box-shadow:var(--wp--preset--shadow--natural)\">\n<p>Zwei nach ADFC-Kriterien ausgeschilderte Themenradrundwege f\u00fchren \u00fcber den Christenberg:<\/p>\n\n\n\n<ul style=\"border-radius:10px\" class=\"wp-block-list has-accent-2-background-color has-background\">\n<li>der <strong>Burgwald-Radweg<\/strong><\/li>\n\n\n\n<li>der <strong>Otto-Ubbelohde-Radweg<\/strong><\/li>\n<\/ul>\n<\/div>\n\n\n\n<div class=\"wp-block-group has-global-padding is-layout-constrained wp-container-core-group-is-layout-9e9be3cb wp-block-group-is-layout-constrained\" style=\"border-radius:10px;padding-top:var(--wp--preset--spacing--20);padding-right:var(--wp--preset--spacing--20);padding-bottom:var(--wp--preset--spacing--20);padding-left:var(--wp--preset--spacing--20);box-shadow:var(--wp--preset--shadow--natural)\">\n<h2 class=\"wp-block-heading\">Burgwald-Radweg<\/h2>\n\n\n\n<div class=\"wp-block-group has-accent-2-background-color has-background has-global-padding is-layout-constrained wp-container-core-group-is-layout-9e9be3cb wp-block-group-is-layout-constrained\" style=\"border-radius:10px;padding-top:var(--wp--preset--spacing--20);padding-right:var(--wp--preset--spacing--20);padding-bottom:var(--wp--preset--spacing--20);padding-left:var(--wp--preset--spacing--20)\">\n<p>Der&nbsp;<strong>Burgwald-Radweg<\/strong>&nbsp;mit einer L\u00e4nge von 40 Kilometern f\u00fchrt in das gr\u00fcne Herz des Burgwaldes. Das Naturschutzgebiet Franzosenwiesen ist ein einzigartiges Wald-Moor-Biotop.<\/p>\n\n\n\n<p>Gestartet wird am C\u00f6lber Eck, wo die Ohm in die Lahn m\u00fcndet. Der Radweg folgt der Bundesstra\u00dfe 3 bis nach Sch\u00f6nstadt. Weiter f\u00fchrt der Weg hinauf auf ein Hochplateau des Burgwaldes und wieder hinunter ins Waldbauerndorf Oberrosphe. Von hier f\u00fchrt die Route in die Franzosenwiesen und hinauf zum 387 Meter hoch gelegenen Christenberg. Ab hier geht es erstmal entspannt bergab hinunter nach M\u00fcnchhausen. Der Radweg folgt der Wetschaft, f\u00fchrt durch Ober-, Mittel- und Untersimtshausen und vorbei am Hugenottendorf Todenhausen nach Wetter. Weiter geht es schlie\u00dflich nach Sarnau und G\u00f6ttingen und, der Lahn folgend, zur\u00fcck zum Ausgangspunkt am C\u00f6lber Eck.<\/p>\n<\/div>\n<\/div>\n\n\n\n<div class=\"wp-block-group has-global-padding is-layout-constrained wp-container-core-group-is-layout-9e9be3cb wp-block-group-is-layout-constrained\" style=\"border-radius:10px;padding-top:var(--wp--preset--spacing--20);padding-right:var(--wp--preset--spacing--20);padding-bottom:var(--wp--preset--spacing--20);padding-left:var(--wp--preset--spacing--20);box-shadow:var(--wp--preset--shadow--natural)\">\n<h2 class=\"wp-block-heading\">Otto-Ubbelohde-Radweg<\/h2>\n\n\n\n<div class=\"wp-block-group has-accent-2-background-color has-background has-global-padding is-layout-constrained wp-container-core-group-is-layout-9e9be3cb wp-block-group-is-layout-constrained\" style=\"border-radius:10px;padding-top:var(--wp--preset--spacing--20);padding-right:var(--wp--preset--spacing--20);padding-bottom:var(--wp--preset--spacing--20);padding-left:var(--wp--preset--spacing--20)\">\n<p>Der&nbsp;<strong>Otto-Ubbelohde-Radweg<\/strong>&nbsp;mit einer L\u00e4nge von 51 Kilometern verbindet Orte im Burgwald, die der weltbekannte Maler und Grimms-M\u00e4rchen-Illustrator Otto-Ubbelohde (1867-1922) als Vorlage verwendete. Motive vom Christenberg finden sich in mehreren seiner M\u00e4rchen-Illustrationen wieder.<\/p>\n\n\n\n<p>Startpunkt ist das Otto-Ubbelohde-Haus in Lahntal-Go\u00dffelden. Der Weg folgt der Lahn bis nach Sterzhausen. Von hier geht es hinauf zum Wollenberg und zur Stadt Wetter. Es folgen die Bacht\u00e4ler der Wetschaft und des Treisbaches und der Ort Am\u00f6nau. \u00dcber Niederasphe, Wollmar und M\u00fcnchhausen geht es wieder bergauf zum Christenberg. Der Weiterfahrt durch das gr\u00fcne Herz des Burgwaldes folgt der Ort Mellnau, von hier f\u00fchrt der Rest der Route \u00fcber Wetter und Niederwetter zur\u00fcck zum Ausgangspunkt in Go\u00dffelden.<\/p>\n\n\n\n<p>Entdecke die Ubbelohde-Motive: Kirchturm und Gegend um Sterzhausen \u2013&nbsp;<strong>Hans im Gl\u00fcck<\/strong>&nbsp;\/ Ein Turm der Stadtmauer Wetter \u2013&nbsp;<strong>Die zw\u00f6lf J\u00e4ger<\/strong>&nbsp;\/ Das Alte Teehaus in Am\u00f6nau \u2013 Turm der&nbsp;<strong>Rapunzel<\/strong>&nbsp;\/ K\u00fcsterhaus auf dem Christenberg \u2013&nbsp;<strong>H\u00e4nsel und Gretel<\/strong>&nbsp;\/ Altes Grab an der Martinskirche \u2013 Grab der Mutter von&nbsp;<strong>Aschenputtel<\/strong>&nbsp;\/ Die Burg in Mellnau \u2013&nbsp;<strong>Eisenhans<\/strong>&nbsp;und&nbsp;<strong>D\u00e4umling<\/strong>.<\/p>\n<\/div>\n<\/div>\n\n\n\n<div class=\"wp-block-media-text is-stacked-on-mobile has-accent-2-background-color has-background\" style=\"border-style:none;border-width:0px;border-radius:10px;padding-top:var(--wp--preset--spacing--20);padding-right:var(--wp--preset--spacing--20);padding-bottom:var(--wp--preset--spacing--20);padding-left:var(--wp--preset--spacing--20)\"><figure class=\"wp-block-media-text__media\"><img loading=\"lazy\" decoding=\"async\" width=\"448\" height=\"336\" src=\"https:\/\/www.foerderkreis-christenberg.de\/wp-content\/uploads\/2011\/07\/radfahren.jpg\" alt=\"radfahren\" class=\"wp-image-34 size-full\" srcset=\"https:\/\/www.foerderkreis-christenberg.de\/wp-content\/uploads\/2011\/07\/radfahren.jpg 448w, https:\/\/www.foerderkreis-christenberg.de\/wp-content\/uploads\/2011\/07\/radfahren-300x225.jpg 300w\" sizes=\"auto, (max-width: 448px) 100vw, 448px\" \/><\/figure><div class=\"wp-block-media-text__content\">\n<p>Erholung und St\u00e4rkung auf der Etappe, und das nicht nur bei sch\u00f6nem Wetter, so wie auf dieser Aufnahme vom Himmelfahrtstag im Jahr 2011.<\/p>\n<\/div><\/div>\n<\/div>\n\n\n\n<div class=\"wp-block-group has-base-background-color has-background has-global-padding is-layout-constrained wp-container-core-group-is-layout-c06d165c wp-block-group-is-layout-constrained\" style=\"border-radius:10px;padding-top:0;padding-right:0;padding-bottom:0;padding-left:0;box-shadow:var(--wp--preset--shadow--natural)\">\n<figure class=\"wp-block-table is-style-regular has-medium-font-size\" style=\"margin-top:var(--wp--preset--spacing--30);margin-right:0;margin-bottom:var(--wp--preset--spacing--30);margin-left:0;padding-top:var(--wp--preset--spacing--20);padding-right:var(--wp--preset--spacing--20);padding-bottom:var(--wp--preset--spacing--20);padding-left:var(--wp--preset--spacing--20)\"><table class=\"has-accent-2-color has-contrast-background-color has-text-color has-background has-link-color has-fixed-layout\" style=\"border-width:4px\"><tbody><tr><td class=\"has-text-align-center\" data-align=\"center\"><a href=\"https:\/\/www.foerderkreis-christenberg.de\/index.php\/wege-zum-christenberg\/hugenotten-und-waldenserpfad\/\" data-type=\"page\" data-id=\"70\">Hugenotten und Waldenser<\/a><\/td><td class=\"has-text-align-center\" data-align=\"center\"><a href=\"https:\/\/www.foerderkreis-christenberg.de\/index.php\/wege-zum-christenberg\/martinskulturweg\/\" data-type=\"page\" data-id=\"68\">Martins-Kulturweg<\/a><\/td><\/tr><tr><td class=\"has-text-align-center\" data-align=\"center\"><a href=\"https:\/\/www.foerderkreis-christenberg.de\/index.php\/wege-zum-christenberg\/meditationsweg-perlen-des-glaubens\/\" data-type=\"page\" data-id=\"465\">Meditationsweg<\/a><\/td><td class=\"has-text-align-center\" data-align=\"center\"><a href=\"https:\/\/www.foerderkreis-christenberg.de\/index.php\/aktivitaeten\/\" data-type=\"page\" data-id=\"39\">Aktiv unterwegs<\/a><\/td><\/tr><tr><td class=\"has-text-align-center\" data-align=\"center\"><a href=\"https:\/\/www.foerderkreis-christenberg.de\/index.php\/wege-zum-christenberg\/\" data-type=\"page\" data-id=\"31\">Wege zum Christenberg<\/a><\/td><td class=\"has-text-align-center\" data-align=\"center\"><a href=\"https:\/\/www.foerderkreis-christenberg.de\/index.php\/aktivitaeten\/wandern-und-rasten\/\" data-type=\"page\" data-id=\"33\">Wandern und Rasten<\/a><\/td><\/tr><\/tbody><\/table><\/figure>\n<\/div>\n","protected":false},"excerpt":{"rendered":"<p>Zwei nach ADFC-Kriterien ausgeschilderte Themenradrundwege f\u00fchren \u00fcber den Christenberg: Burgwald-Radweg Der&nbsp;Burgwald-Radweg&nbsp;mit einer L\u00e4nge von 40 Kilometern f\u00fchrt in das gr\u00fcne Herz des Burgwaldes. Das Naturschutzgebiet Franzosenwiesen ist ein einzigartiges Wald-Moor-Biotop. Gestartet wird am C\u00f6lber Eck, wo die Ohm in die Lahn m\u00fcndet. Der Radweg folgt der Bundesstra\u00dfe 3 bis nach Sch\u00f6nstadt. Weiter f\u00fchrt der Weg [&hellip;]<\/p>\n","protected":false},"author":2,"featured_media":0,"parent":39,"menu_order":1,"comment_status":"closed","ping_status":"closed","template":"","meta":{"footnotes":""},"class_list":["post-35","page","type-page","status-publish","hentry"],"jetpack_sharing_enabled":true,"_links":{"self":[{"href":"https:\/\/www.foerderkreis-christenberg.de\/index.php\/wp-json\/wp\/v2\/pages\/35","targetHints":{"allow":["GET"]}}],"collection":[{"href":"https:\/\/www.foerderkreis-christenberg.de\/index.php\/wp-json\/wp\/v2\/pages"}],"about":[{"href":"https:\/\/www.foerderkreis-christenberg.de\/index.php\/wp-json\/wp\/v2\/types\/page"}],"author":[{"embeddable":true,"href":"https:\/\/www.foerderkreis-christenberg.de\/index.php\/wp-json\/wp\/v2\/users\/2"}],"replies":[{"embeddable":true,"href":"https:\/\/www.foerderkreis-christenberg.de\/index.php\/wp-json\/wp\/v2\/comments?post=35"}],"version-history":[{"count":31,"href":"https:\/\/www.foerderkreis-christenberg.de\/index.php\/wp-json\/wp\/v2\/pages\/35\/revisions"}],"predecessor-version":[{"id":2253,"href":"https:\/\/www.foerderkreis-christenberg.de\/index.php\/wp-json\/wp\/v2\/pages\/35\/revisions\/2253"}],"up":[{"embeddable":true,"href":"https:\/\/www.foerderkreis-christenberg.de\/index.php\/wp-json\/wp\/v2\/pages\/39"}],"wp:attachment":[{"href":"https:\/\/www.foerderkreis-christenberg.de\/index.php\/wp-json\/wp\/v2\/media?parent=35"}],"curies":[{"name":"wp","href":"https:\/\/api.w.org\/{rel}","templated":true}]}}