{"id":23,"date":"2011-07-01T09:27:18","date_gmt":"2011-07-01T07:27:18","guid":{"rendered":"http:\/\/www.foerderkreis-christenberg.de\/index.php\/infopunkt-backhaus\/"},"modified":"2026-02-16T23:29:29","modified_gmt":"2026-02-16T22:29:29","slug":"infopunkt-backhaus","status":"publish","type":"page","link":"https:\/\/www.foerderkreis-christenberg.de\/index.php\/infopunkt-backhaus\/","title":{"rendered":"Infopunkt Backhaus"},"content":{"rendered":"\n<figure class=\"wp-block-image size-large has-custom-border\"><img loading=\"lazy\" decoding=\"async\" width=\"768\" height=\"1024\" src=\"https:\/\/www.foerderkreis-christenberg.de\/wp-content\/uploads\/2021\/04\/backhaus_christenberg_aussen-768x1024.jpg\" alt=\"Backhaus auf dem Christenberg\" class=\"wp-image-484\" style=\"border-radius:20px;box-shadow:var(--wp--preset--shadow--natural)\" srcset=\"https:\/\/www.foerderkreis-christenberg.de\/wp-content\/uploads\/2021\/04\/backhaus_christenberg_aussen-768x1024.jpg 768w, https:\/\/www.foerderkreis-christenberg.de\/wp-content\/uploads\/2021\/04\/backhaus_christenberg_aussen-225x300.jpg 225w, https:\/\/www.foerderkreis-christenberg.de\/wp-content\/uploads\/2021\/04\/backhaus_christenberg_aussen-1152x1536.jpg 1152w, https:\/\/www.foerderkreis-christenberg.de\/wp-content\/uploads\/2021\/04\/backhaus_christenberg_aussen-rotated.jpg 1224w\" sizes=\"auto, (max-width: 768px) 100vw, 768px\" \/><\/figure>\n\n\n\n<div class=\"wp-block-group has-base-background-color has-background has-global-padding is-layout-constrained wp-container-core-group-is-layout-adc00c40 wp-block-group-is-layout-constrained\" style=\"border-radius:10px;min-height:0px;padding-top:var(--wp--preset--spacing--20);padding-right:0;padding-bottom:var(--wp--preset--spacing--20);padding-left:0;box-shadow:var(--wp--preset--shadow--natural)\">\n<div class=\"wp-block-group has-global-padding is-layout-constrained wp-container-core-group-is-layout-8455dcaa wp-block-group-is-layout-constrained\" style=\"border-radius:10px;margin-top:0;margin-bottom:0;padding-top:var(--wp--preset--spacing--20);padding-right:var(--wp--preset--spacing--20);padding-bottom:var(--wp--preset--spacing--20);padding-left:var(--wp--preset--spacing--20);box-shadow:var(--wp--preset--shadow--natural)\">\n<h2 class=\"wp-block-heading\">Infos im Backhaus<\/h2>\n\n\n\n<div class=\"wp-block-group has-accent-2-background-color has-background has-global-padding is-layout-constrained wp-container-core-group-is-layout-9e9be3cb wp-block-group-is-layout-constrained\" style=\"border-radius:10px;padding-top:var(--wp--preset--spacing--20);padding-right:var(--wp--preset--spacing--20);padding-bottom:var(--wp--preset--spacing--20);padding-left:var(--wp--preset--spacing--20);box-shadow:var(--wp--preset--shadow--natural)\">\n<figure class=\"wp-block-gallery has-nested-images columns-default is-cropped wp-block-gallery-1 is-layout-flex wp-block-gallery-is-layout-flex\" style=\"padding-top:var(--wp--preset--spacing--20);padding-right:var(--wp--preset--spacing--20);padding-bottom:var(--wp--preset--spacing--20);padding-left:var(--wp--preset--spacing--20)\">\n<figure class=\"wp-block-image size-large\"><img loading=\"lazy\" decoding=\"async\" width=\"480\" height=\"640\" data-id=\"21\" src=\"https:\/\/www.foerderkreis-christenberg.de\/wp-content\/uploads\/2011\/07\/backhausaussen.JPG\" alt=\"backhaus aussen\" class=\"wp-image-21\" srcset=\"https:\/\/www.foerderkreis-christenberg.de\/wp-content\/uploads\/2011\/07\/backhausaussen.JPG 480w, https:\/\/www.foerderkreis-christenberg.de\/wp-content\/uploads\/2011\/07\/backhausaussen-225x300.jpg 225w\" sizes=\"auto, (max-width: 480px) 100vw, 480px\" \/><figcaption class=\"wp-element-caption\">Infotafel au\u00dfen<\/figcaption><\/figure>\n\n\n\n<figure class=\"wp-block-image size-large\"><img loading=\"lazy\" decoding=\"async\" width=\"640\" height=\"480\" data-id=\"22\" src=\"https:\/\/www.foerderkreis-christenberg.de\/wp-content\/uploads\/2011\/07\/backhausinnen.JPG\" alt=\"Backhaus innen\" class=\"wp-image-22\" srcset=\"https:\/\/www.foerderkreis-christenberg.de\/wp-content\/uploads\/2011\/07\/backhausinnen.JPG 640w, https:\/\/www.foerderkreis-christenberg.de\/wp-content\/uploads\/2011\/07\/backhausinnen-300x225.jpg 300w\" sizes=\"auto, (max-width: 640px) 100vw, 640px\" \/><figcaption class=\"wp-element-caption\">Infotafeln im Backhaus<\/figcaption><\/figure>\n\n\n\n<figure class=\"wp-block-image size-large\"><img loading=\"lazy\" decoding=\"async\" width=\"1024\" height=\"768\" data-id=\"485\" src=\"https:\/\/www.foerderkreis-christenberg.de\/wp-content\/uploads\/2021\/04\/backhaus_christenberg_innen-1024x768.jpg\" alt=\"Backhaus auf dem Christenberg\" class=\"wp-image-485\" srcset=\"https:\/\/www.foerderkreis-christenberg.de\/wp-content\/uploads\/2021\/04\/backhaus_christenberg_innen-1024x768.jpg 1024w, https:\/\/www.foerderkreis-christenberg.de\/wp-content\/uploads\/2021\/04\/backhaus_christenberg_innen-300x225.jpg 300w, https:\/\/www.foerderkreis-christenberg.de\/wp-content\/uploads\/2021\/04\/backhaus_christenberg_innen-768x576.jpg 768w, https:\/\/www.foerderkreis-christenberg.de\/wp-content\/uploads\/2021\/04\/backhaus_christenberg_innen-1536x1152.jpg 1536w, https:\/\/www.foerderkreis-christenberg.de\/wp-content\/uploads\/2021\/04\/backhaus_christenberg_innen.jpg 1632w\" sizes=\"auto, (max-width: 1024px) 100vw, 1024px\" \/><figcaption class=\"wp-element-caption\">Backhaus auf dem Christenberg<\/figcaption><\/figure>\n<\/figure>\n\n\n\n<p style=\"border-radius:10px;padding-top:var(--wp--preset--spacing--20);padding-right:var(--wp--preset--spacing--20);padding-bottom:var(--wp--preset--spacing--20);padding-left:var(--wp--preset--spacing--20)\">Informationstafeln au\u00dfen und innen beschreiben einen Rundgang \u00fcber den Christenberg.<\/p>\n<\/div>\n<\/div>\n\n\n\n<div class=\"wp-block-group has-global-padding is-layout-constrained wp-container-core-group-is-layout-9e9be3cb wp-block-group-is-layout-constrained\" style=\"padding-top:var(--wp--preset--spacing--20);padding-right:var(--wp--preset--spacing--20);padding-bottom:var(--wp--preset--spacing--20);padding-left:var(--wp--preset--spacing--20)\">\n<div class=\"wp-block-group has-accent-2-background-color has-background has-global-padding is-layout-constrained wp-container-core-group-is-layout-9e9be3cb wp-block-group-is-layout-constrained\" style=\"border-radius:10px;padding-top:var(--wp--preset--spacing--20);padding-right:var(--wp--preset--spacing--20);padding-bottom:var(--wp--preset--spacing--20);padding-left:var(--wp--preset--spacing--20);box-shadow:var(--wp--preset--shadow--natural)\">\n<p style=\"border-radius:10px;padding-top:0;padding-right:0;padding-bottom:0;padding-left:0\">Das Backhaus des ehemaligen K\u00fcstergeh\u00f6ftes wurde zu einem touristischen Infopunkt umgebaut. An einem modernen Touch-Screen k\u00f6nnen Informationen zum Christenberg und den Burgwald abgerufen werden, ebenso \u00fcber die Kirchengemeinde Christenberg-Hollende. <\/p>\n\n\n\n<p style=\"border-radius:10px;padding-top:0;padding-right:0;padding-bottom:0;padding-left:0\">Ein Veranstaltungskalender gibt einen \u00dcberblick \u00fcber Termine des F\u00f6rderkreises sowie der evangelischen Kirchengemeinde.<\/p>\n<\/div>\n\n\n\n<figure class=\"wp-block-image size-large has-custom-border is-resized\"><img loading=\"lazy\" decoding=\"async\" width=\"768\" height=\"1024\" src=\"https:\/\/www.foerderkreis-christenberg.de\/wp-content\/uploads\/2020\/02\/CIMG2895-768x1024.jpg\" alt=\"Backhaus auf dem Christenberg\" class=\"wp-image-423\" style=\"border-width:1px;border-radius:10px;box-shadow:var(--wp--preset--shadow--natural)\" srcset=\"https:\/\/www.foerderkreis-christenberg.de\/wp-content\/uploads\/2020\/02\/CIMG2895-768x1024.jpg 768w, https:\/\/www.foerderkreis-christenberg.de\/wp-content\/uploads\/2020\/02\/CIMG2895-225x300.jpg 225w, https:\/\/www.foerderkreis-christenberg.de\/wp-content\/uploads\/2020\/02\/CIMG2895-1152x1536.jpg 1152w, https:\/\/www.foerderkreis-christenberg.de\/wp-content\/uploads\/2020\/02\/CIMG2895-1536x2048.jpg 1536w, https:\/\/www.foerderkreis-christenberg.de\/wp-content\/uploads\/2020\/02\/CIMG2895.jpg 1728w\" sizes=\"auto, (max-width: 768px) 100vw, 768px\" \/><figcaption class=\"wp-element-caption\"><strong>Backhaus auf dem Christenberg<\/strong><\/figcaption><\/figure>\n<\/div>\n<\/div>\n\n\n\n<div class=\"wp-block-group has-base-background-color has-background has-global-padding is-layout-constrained wp-container-core-group-is-layout-c06d165c wp-block-group-is-layout-constrained\" style=\"border-radius:10px;padding-top:0;padding-right:0;padding-bottom:0;padding-left:0;box-shadow:var(--wp--preset--shadow--natural)\">\n<figure class=\"wp-block-table is-style-regular has-medium-font-size\" style=\"margin-top:var(--wp--preset--spacing--30);margin-right:0;margin-bottom:var(--wp--preset--spacing--30);margin-left:0;padding-top:var(--wp--preset--spacing--20);padding-right:var(--wp--preset--spacing--20);padding-bottom:var(--wp--preset--spacing--20);padding-left:var(--wp--preset--spacing--20)\"><table class=\"has-accent-2-color has-contrast-background-color has-text-color has-background has-link-color has-fixed-layout\" style=\"border-width:4px\"><tbody><tr><td class=\"has-text-align-center\" data-align=\"center\"><a href=\"https:\/\/www.foerderkreis-christenberg.de\/index.php\/backhaus\/\" data-type=\"page\" data-id=\"482\">Das alte Backhaus<\/a><\/td><td class=\"has-text-align-center\" data-align=\"center\"><a href=\"https:\/\/www.foerderkreis-christenberg.de\/index.php\/altes-kuesterhaus\/\" data-type=\"page\" data-id=\"16\">Altes K\u00fcsterhaus<\/a><\/td><\/tr><tr><td class=\"has-text-align-center\" data-align=\"center\"><a href=\"https:\/\/www.foerderkreis-christenberg.de\/index.php\/besondere-termine\/\" data-type=\"page\" data-id=\"14\">Besondere Termine<\/a><\/td><td class=\"has-text-align-center\" data-align=\"center\"><a href=\"https:\/\/www.foerderkreis-christenberg.de\/index.php\/impressionen\/\" data-type=\"page\" data-id=\"148\">Impressionen und QR<\/a><\/td><\/tr><tr><td class=\"has-text-align-center\" data-align=\"center\"><a href=\"https:\/\/www.foerderkreis-christenberg.de\/index.php\/christenberg\/\" data-type=\"page\" data-id=\"28\">Christenberg<\/a><\/td><td class=\"has-text-align-center\" data-align=\"center\"><a href=\"https:\/\/www.foerderkreis-christenberg.de\/index.php\/wege-zum-christenberg\/\" data-type=\"page\" data-id=\"31\">Wege zum Christenberg<\/a><\/td><\/tr><\/tbody><\/table><\/figure>\n<\/div>\n\n\n\n<p><\/p>\n","protected":false},"excerpt":{"rendered":"<p>Infos im Backhaus Informationstafeln au\u00dfen und innen beschreiben einen Rundgang \u00fcber den Christenberg. Das Backhaus des ehemaligen K\u00fcstergeh\u00f6ftes wurde zu einem touristischen Infopunkt umgebaut. An einem modernen Touch-Screen k\u00f6nnen Informationen zum Christenberg und den Burgwald abgerufen werden, ebenso \u00fcber die Kirchengemeinde Christenberg-Hollende. Ein Veranstaltungskalender gibt einen \u00dcberblick \u00fcber Termine des F\u00f6rderkreises sowie der evangelischen Kirchengemeinde. [&hellip;]<\/p>\n","protected":false},"author":2,"featured_media":0,"parent":0,"menu_order":5,"comment_status":"closed","ping_status":"closed","template":"","meta":{"footnotes":""},"class_list":["post-23","page","type-page","status-publish","hentry"],"jetpack_sharing_enabled":true,"_links":{"self":[{"href":"https:\/\/www.foerderkreis-christenberg.de\/index.php\/wp-json\/wp\/v2\/pages\/23","targetHints":{"allow":["GET"]}}],"collection":[{"href":"https:\/\/www.foerderkreis-christenberg.de\/index.php\/wp-json\/wp\/v2\/pages"}],"about":[{"href":"https:\/\/www.foerderkreis-christenberg.de\/index.php\/wp-json\/wp\/v2\/types\/page"}],"author":[{"embeddable":true,"href":"https:\/\/www.foerderkreis-christenberg.de\/index.php\/wp-json\/wp\/v2\/users\/2"}],"replies":[{"embeddable":true,"href":"https:\/\/www.foerderkreis-christenberg.de\/index.php\/wp-json\/wp\/v2\/comments?post=23"}],"version-history":[{"count":27,"href":"https:\/\/www.foerderkreis-christenberg.de\/index.php\/wp-json\/wp\/v2\/pages\/23\/revisions"}],"predecessor-version":[{"id":2286,"href":"https:\/\/www.foerderkreis-christenberg.de\/index.php\/wp-json\/wp\/v2\/pages\/23\/revisions\/2286"}],"wp:attachment":[{"href":"https:\/\/www.foerderkreis-christenberg.de\/index.php\/wp-json\/wp\/v2\/media?parent=23"}],"curies":[{"name":"wp","href":"https:\/\/api.w.org\/{rel}","templated":true}]}}