{"id":16,"date":"2011-06-23T16:24:10","date_gmt":"2011-06-23T14:24:10","guid":{"rendered":"http:\/\/www.foerderkreis-christenberg.de\/index.php\/altes-kuesterhaus\/"},"modified":"2026-02-16T22:33:03","modified_gmt":"2026-02-16T21:33:03","slug":"altes-kuesterhaus","status":"publish","type":"page","link":"https:\/\/www.foerderkreis-christenberg.de\/index.php\/altes-kuesterhaus\/","title":{"rendered":"Museum Altes K\u00fcsterhaus"},"content":{"rendered":"\n<figure class=\"wp-block-image size-large has-custom-border\"><img loading=\"lazy\" decoding=\"async\" width=\"1024\" height=\"735\" src=\"https:\/\/www.foerderkreis-christenberg.de\/wp-content\/uploads\/2019\/01\/k\u00fcsterhaus-von-oben-1024x735.jpg\" alt=\"\" class=\"wp-image-353\" style=\"border-radius:20px;box-shadow:var(--wp--preset--shadow--natural)\" srcset=\"https:\/\/www.foerderkreis-christenberg.de\/wp-content\/uploads\/2019\/01\/k\u00fcsterhaus-von-oben-1024x735.jpg 1024w, https:\/\/www.foerderkreis-christenberg.de\/wp-content\/uploads\/2019\/01\/k\u00fcsterhaus-von-oben-300x215.jpg 300w, https:\/\/www.foerderkreis-christenberg.de\/wp-content\/uploads\/2019\/01\/k\u00fcsterhaus-von-oben-768x551.jpg 768w, https:\/\/www.foerderkreis-christenberg.de\/wp-content\/uploads\/2019\/01\/k\u00fcsterhaus-von-oben.jpg 2000w\" sizes=\"auto, (max-width: 1024px) 100vw, 1024px\" \/><\/figure>\n\n\n\n<div class=\"wp-block-group has-base-background-color has-background has-global-padding is-layout-constrained wp-container-core-group-is-layout-9e9be3cb wp-block-group-is-layout-constrained\" style=\"border-radius:10px;padding-top:var(--wp--preset--spacing--20);padding-right:var(--wp--preset--spacing--20);padding-bottom:var(--wp--preset--spacing--20);padding-left:var(--wp--preset--spacing--20);box-shadow:var(--wp--preset--shadow--natural)\">\n<div class=\"wp-block-group is-style-default has-accent-2-background-color has-background has-global-padding is-layout-constrained wp-container-core-group-is-layout-9e9be3cb wp-block-group-is-layout-constrained\" style=\"border-radius:10px;padding-top:var(--wp--preset--spacing--20);padding-right:var(--wp--preset--spacing--20);padding-bottom:var(--wp--preset--spacing--20);padding-left:var(--wp--preset--spacing--20);box-shadow:var(--wp--preset--shadow--natural)\">\n<p>Neben den Pfarrern lebten auch die K\u00fcster mit ihren Familien auf dem Christenberg. W\u00e4hrend der Pfarrer ab dem 16. Jahrhundert im Tal in M\u00fcnchhausen seinen Wohnsitz nahm, blieb der K\u00fcster mit seiner Familie noch bis in die zweite H\u00e4lfte des 20. Jahrhunderts auf dem Berg.<\/p>\n\n\n\n<p style=\"padding-top:0;padding-right:0;padding-bottom:0;padding-left:0\">1292 wurde Konrad als Dekan auf dem Christenberg genannt. Gerlach von Bicken bezeichnet eine Urkunde von 1357 als Pastor der Pfarrkirche in Kesterburg und wenig sp\u00e4ter tauchte der Priester Gyso als K\u00e4mmerer des Stuhles zu Christenberg und Pfarrer zu Buchenau auf. Gottfried Wigand von Neukirchen wurde 1482 als Pfarrer auf dem Christenberg verzeichnet.<\/p>\n\n\n\n<p>Vom Neubau des K\u00fcsterhauses nach einem Brand berichten schriftliche Quellen aus dem Jahr 1503. Gottfried von Hatzfeld war in diesem Jahr Pfarrer. Ihm folgte Johann Althaus bis 1528. Wigand Mog war der Pfarrer, der 560 Pestopfer in seiner Gemeinde im Jahr 1597 zu beklagen hatte, darunter auch seine Ehefrau. Er starb 1618. F\u00fcr das Jahr 1662 ist wieder ein Neubau des K\u00fcsterhauses belegt.<\/p>\n\n\n\n<p style=\"padding-top:0;padding-right:0;padding-bottom:0;padding-left:0\">W\u00e4hrend der Napoleonischen Kriege wurde das K\u00fcsterhaus am 9. Juli 1814 von Deserteuren in Brand gesetzt. Ein Neubau erfolgte erst im Jahr 1817. Dieses Geb\u00e4ude steht heute noch, wurde jedoch mehrfach umgebaut und modernisiert.<\/p>\n\n\n\n<p>Das Museum ist auch vertreten auf den Internetseiten \u00bbMuseen in Hessen\u00ab (www.museen-in-Hessen.de). Dort unter Suche \u00bbAltes K\u00fcsterhaus\u00ab eingeben.<\/p>\n<\/div>\n<\/div>\n\n\n\n<div class=\"wp-block-group has-base-background-color has-background has-global-padding is-layout-constrained wp-container-core-group-is-layout-c06d165c wp-block-group-is-layout-constrained\" style=\"border-radius:10px;padding-top:0;padding-right:0;padding-bottom:0;padding-left:0;box-shadow:var(--wp--preset--shadow--natural)\">\n<figure class=\"wp-block-table is-style-regular has-medium-font-size\" style=\"margin-top:var(--wp--preset--spacing--30);margin-right:0;margin-bottom:var(--wp--preset--spacing--30);margin-left:0;padding-top:var(--wp--preset--spacing--20);padding-right:var(--wp--preset--spacing--20);padding-bottom:var(--wp--preset--spacing--20);padding-left:var(--wp--preset--spacing--20)\"><table class=\"has-accent-2-color has-contrast-background-color has-text-color has-background has-link-color has-fixed-layout\" style=\"border-width:4px\"><tbody><tr><td class=\"has-text-align-center\" data-align=\"center\"><a href=\"https:\/\/www.foerderkreis-christenberg.de\/index.php\/altes-kuesterhaus\/der-kuester-damals\/\" data-type=\"page\" data-id=\"773\">Der K\u00fcster damals<\/a><\/td><td class=\"has-text-align-center\" data-align=\"center\"><a href=\"https:\/\/www.foerderkreis-christenberg.de\/index.php\/altes-kuesterhaus\/dauerausstellung\/\" data-type=\"page\" data-id=\"19\">Ausstellung im Museum<\/a><\/td><\/tr><tr><td class=\"has-text-align-center\" data-align=\"center\"><a href=\"https:\/\/www.foerderkreis-christenberg.de\/index.php\/altes-kuesterhaus\/wechselausstellungen\/\" data-type=\"page\" data-id=\"20\">Sonder-Ausstellung<\/a><\/td><td class=\"has-text-align-center\" data-align=\"center\"><a href=\"https:\/\/www.foerderkreis-christenberg.de\/index.php\/backhaus\/\" data-type=\"page\" data-id=\"482\">Das alte Backhaus<\/a><\/td><\/tr><\/tbody><\/table><\/figure>\n<\/div>\n\n\n\n<p><\/p>\n","protected":false},"excerpt":{"rendered":"<p>Neben den Pfarrern lebten auch die K\u00fcster mit ihren Familien auf dem Christenberg. W\u00e4hrend der Pfarrer ab dem 16. Jahrhundert im Tal in M\u00fcnchhausen seinen Wohnsitz nahm, blieb der K\u00fcster mit seiner Familie noch bis in die zweite H\u00e4lfte des 20. Jahrhunderts auf dem Berg. 1292 wurde Konrad als Dekan auf dem Christenberg genannt. Gerlach [&hellip;]<\/p>\n","protected":false},"author":2,"featured_media":0,"parent":0,"menu_order":40,"comment_status":"closed","ping_status":"closed","template":"","meta":{"footnotes":""},"class_list":["post-16","page","type-page","status-publish","hentry"],"jetpack_sharing_enabled":true,"_links":{"self":[{"href":"https:\/\/www.foerderkreis-christenberg.de\/index.php\/wp-json\/wp\/v2\/pages\/16","targetHints":{"allow":["GET"]}}],"collection":[{"href":"https:\/\/www.foerderkreis-christenberg.de\/index.php\/wp-json\/wp\/v2\/pages"}],"about":[{"href":"https:\/\/www.foerderkreis-christenberg.de\/index.php\/wp-json\/wp\/v2\/types\/page"}],"author":[{"embeddable":true,"href":"https:\/\/www.foerderkreis-christenberg.de\/index.php\/wp-json\/wp\/v2\/users\/2"}],"replies":[{"embeddable":true,"href":"https:\/\/www.foerderkreis-christenberg.de\/index.php\/wp-json\/wp\/v2\/comments?post=16"}],"version-history":[{"count":21,"href":"https:\/\/www.foerderkreis-christenberg.de\/index.php\/wp-json\/wp\/v2\/pages\/16\/revisions"}],"predecessor-version":[{"id":2204,"href":"https:\/\/www.foerderkreis-christenberg.de\/index.php\/wp-json\/wp\/v2\/pages\/16\/revisions\/2204"}],"wp:attachment":[{"href":"https:\/\/www.foerderkreis-christenberg.de\/index.php\/wp-json\/wp\/v2\/media?parent=16"}],"curies":[{"name":"wp","href":"https:\/\/api.w.org\/{rel}","templated":true}]}}

Museum Altes Küsterhaus

<figure class="wp-block-image size-large has-custom-border"><img loading="lazy" decoding="async" width="1024" height="735" src="https://www.foerderkreis-christenberg.de/wp-content/uploads/2019/01/küsterhaus-von-oben-1024x735.jpg" alt="" class="wp-image-353" style="border-radius:20px;box-shadow:var(--wp--preset--shadow--natural)" srcset="https://www.foerderkreis-christenberg.de/wp-content/uploads/2019/01/küsterhaus-von-oben-1024x735.jpg 1024w, https://www.foerderkreis-christenberg.de/wp-content/uploads/2019/01/küsterhaus-von-oben-300x215.jpg 300w, https://www.foerderkreis-christenberg.de/wp-content/uploads/2019/01/küsterhaus-von-oben-768x551.jpg 768w, https://www.foerderkreis-christenberg.de/wp-content/uploads/2019/01/küsterhaus-von-oben.jpg 2000w" sizes="auto, (max-width: 1024px) 100vw, 1024px" /></figure>



<div class="wp-block-group has-base-background-color has-background has-global-padding is-layout-constrained wp-container-core-group-is-layout-9e9be3cb wp-block-group-is-layout-constrained" style="border-radius:10px;padding-top:var(--wp--preset--spacing--20);padding-right:var(--wp--preset--spacing--20);padding-bottom:var(--wp--preset--spacing--20);padding-left:var(--wp--preset--spacing--20);box-shadow:var(--wp--preset--shadow--natural)">
<div class="wp-block-group is-style-default has-accent-2-background-color has-background has-global-padding is-layout-constrained wp-container-core-group-is-layout-9e9be3cb wp-block-group-is-layout-constrained" style="border-radius:10px;padding-top:var(--wp--preset--spacing--20);padding-right:var(--wp--preset--spacing--20);padding-bottom:var(--wp--preset--spacing--20);padding-left:var(--wp--preset--spacing--20);box-shadow:var(--wp--preset--shadow--natural)">
<p>Neben den Pfarrern lebten auch die Küster mit ihren Familien auf dem Christenberg. Während der Pfarrer ab dem 16. Jahrhundert im Tal in Münchhausen seinen Wohnsitz nahm, blieb der Küster mit seiner Familie noch bis in die zweite Hälfte des 20. Jahrhunderts auf dem Berg.</p>



<p style="padding-top:0;padding-right:0;padding-bottom:0;padding-left:0">1292 wurde Konrad als Dekan auf dem Christenberg genannt. Gerlach von Bicken bezeichnet eine Urkunde von 1357 als Pastor der Pfarrkirche in Kesterburg und wenig später tauchte der Priester Gyso als Kämmerer des Stuhles zu Christenberg und Pfarrer zu Buchenau auf. Gottfried Wigand von Neukirchen wurde 1482 als Pfarrer auf dem Christenberg verzeichnet.</p>



<p>Vom Neubau des Küsterhauses nach einem Brand berichten schriftliche Quellen aus dem Jahr 1503. Gottfried von Hatzfeld war in diesem Jahr Pfarrer. Ihm folgte Johann Althaus bis 1528. Wigand Mog war der Pfarrer, der 560 Pestopfer in seiner Gemeinde im Jahr 1597 zu beklagen hatte, darunter auch seine Ehefrau. Er starb 1618. Für das Jahr 1662 ist wieder ein Neubau des Küsterhauses belegt.</p>



<p style="padding-top:0;padding-right:0;padding-bottom:0;padding-left:0">Während der Napoleonischen Kriege wurde das Küsterhaus am 9. Juli 1814 von Deserteuren in Brand gesetzt. Ein Neubau erfolgte erst im Jahr 1817. Dieses Gebäude steht heute noch, wurde jedoch mehrfach umgebaut und modernisiert.</p>



<p>Das Museum ist auch vertreten auf den Internetseiten »Museen in Hessen« (www.museen-in-Hessen.de). Dort unter Suche »Altes Küsterhaus« eingeben.</p>
</div>
</div>



<div class="wp-block-group has-base-background-color has-background has-global-padding is-layout-constrained wp-container-core-group-is-layout-c06d165c wp-block-group-is-layout-constrained" style="border-radius:10px;padding-top:0;padding-right:0;padding-bottom:0;padding-left:0;box-shadow:var(--wp--preset--shadow--natural)">
<figure class="wp-block-table is-style-regular has-medium-font-size" style="margin-top:var(--wp--preset--spacing--30);margin-right:0;margin-bottom:var(--wp--preset--spacing--30);margin-left:0;padding-top:var(--wp--preset--spacing--20);padding-right:var(--wp--preset--spacing--20);padding-bottom:var(--wp--preset--spacing--20);padding-left:var(--wp--preset--spacing--20)"><table class="has-accent-2-color has-contrast-background-color has-text-color has-background has-link-color has-fixed-layout" style="border-width:4px"><tbody><tr><td class="has-text-align-center" data-align="center"><a href="https://www.foerderkreis-christenberg.de/index.php/altes-kuesterhaus/der-kuester-damals/" data-type="page" data-id="773">Der Küster damals</a></td><td class="has-text-align-center" data-align="center"><a href="https://www.foerderkreis-christenberg.de/index.php/altes-kuesterhaus/dauerausstellung/" data-type="page" data-id="19">Ausstellung im Museum</a></td></tr><tr><td class="has-text-align-center" data-align="center"><a href="https://www.foerderkreis-christenberg.de/index.php/altes-kuesterhaus/wechselausstellungen/" data-type="page" data-id="20">Sonder-Ausstellung</a></td><td class="has-text-align-center" data-align="center"><a href="https://www.foerderkreis-christenberg.de/index.php/backhaus/" data-type="page" data-id="482">Das alte Backhaus</a></td></tr></tbody></table></figure>
</div>



<p></p>

<p>Neben den Pfarrern lebten auch die Küster mit ihren Familien auf dem Christenberg. Während der Pfarrer ab dem 16. Jahrhundert im Tal in Münchhausen seinen Wohnsitz nahm, blieb der Küster mit seiner Familie noch bis in die zweite Hälfte des 20. Jahrhunderts auf dem Berg. 1292 wurde Konrad als Dekan auf dem Christenberg genannt. Gerlach [&hellip;]</p>
