{"id":11,"date":"2011-05-31T12:02:39","date_gmt":"2011-05-31T10:02:39","guid":{"rendered":"http:\/\/www.foerderkreis-christenberg.de\/index.php\/impressum\/"},"modified":"2026-02-16T23:08:40","modified_gmt":"2026-02-16T22:08:40","slug":"impressum","status":"publish","type":"page","link":"https:\/\/www.foerderkreis-christenberg.de\/index.php\/impressum\/","title":{"rendered":"Impressum"},"content":{"rendered":"\n<div class=\"wp-block-group has-global-padding is-layout-constrained wp-container-core-group-is-layout-c9115f92 wp-block-group-is-layout-constrained\" style=\"border-top-left-radius:20px;border-top-right-radius:20px;border-bottom-left-radius:20px;border-bottom-right-radius:20px;border-top-width:1px;border-bottom-width:1px;padding-right:var(--wp--preset--spacing--20);padding-left:var(--wp--preset--spacing--20)\">\n<p class=\"has-large-font-size\"><strong>Kontakt<\/strong><\/p>\n\n\n\n<p>Harald Kornmann<br>Vorsitzender des F\u00f6rderkreis Christenberg e.V.<br>Christenberger Stra\u00dfe 16<br>35117 M\u00fcnchhausen<\/p>\n\n\n\n<p>info@foerderkreis-christenberg.de<br>www.f\u00f6rderkreis-christenberg.de<\/p>\n<\/div>\n\n\n\n<div class=\"wp-block-group has-global-padding is-layout-constrained wp-container-core-group-is-layout-c9115f92 wp-block-group-is-layout-constrained\" style=\"border-top-left-radius:20px;border-top-right-radius:20px;border-bottom-left-radius:20px;border-bottom-right-radius:20px;border-top-width:1px;border-bottom-width:1px;padding-right:var(--wp--preset--spacing--20);padding-left:var(--wp--preset--spacing--20)\">\n<p>Der F\u00f6rderkreis Christenberg ist Mitglied im <a href=\"http:\/\/www.museumsverband-hessen.de\">Hessischen Museumsverband<\/a>.<\/p>\n\n\n\n<p>Fotos: Antje Coburger, Dr. Armin Feulner, Heinrich Reh, Harald Kornmann<\/p>\n<\/div>\n\n\n\n<div class=\"wp-block-group has-global-padding is-layout-constrained wp-container-core-group-is-layout-c9115f92 wp-block-group-is-layout-constrained\" style=\"border-top-left-radius:20px;border-top-right-radius:20px;border-bottom-left-radius:20px;border-bottom-right-radius:20px;border-top-width:1px;border-bottom-width:1px;padding-right:var(--wp--preset--spacing--20);padding-left:var(--wp--preset--spacing--20)\">\n<p><strong>Inhaltlich verantwortlich gem\u00e4\u00df \u00a7 6 MDStV<\/strong><\/p>\n\n\n\n<p>Harald Kornmann<\/p>\n<\/div>\n\n\n\n<div class=\"wp-block-group has-global-padding is-layout-constrained wp-container-core-group-is-layout-c9115f92 wp-block-group-is-layout-constrained\" style=\"border-top-left-radius:20px;border-top-right-radius:20px;border-bottom-left-radius:20px;border-bottom-right-radius:20px;border-top-width:1px;border-bottom-width:1px;padding-right:var(--wp--preset--spacing--20);padding-left:var(--wp--preset--spacing--20)\">\n<p class=\"has-large-font-size\"><strong>Urheberrecht<\/strong><\/p>\n\n\n\n<p>Die verwendeten Graphiken und Fotos und die Sammlung der Beitr\u00e4ge d\u00fcrfen nur nach vorheriger Zustimmung des F\u00f6rderkreis Christenberg e.V.  vervielf\u00e4ltigt werden.<\/p>\n\n\n\n<p>Einige Fotos auf dieser Webseite entstammen kostenpflichtigen Bildarchiven und sind ebenfalls urheberrechtlich gesch\u00fctzt.<\/p>\n<\/div>\n\n\n\n<div class=\"wp-block-group has-global-padding is-layout-constrained wp-container-core-group-is-layout-c9115f92 wp-block-group-is-layout-constrained\" style=\"border-top-left-radius:20px;border-top-right-radius:20px;border-bottom-left-radius:20px;border-bottom-right-radius:20px;border-top-width:1px;border-bottom-width:1px;padding-right:var(--wp--preset--spacing--20);padding-left:var(--wp--preset--spacing--20)\">\n<p class=\"has-large-font-size\"><strong>Haftungshinweis<\/strong><\/p>\n\n\n\n<p>F\u00fcr alle vom F\u00f6rderkreis Christenberg e.V. geschalteten Links zu anderen Seiten im Internet \u00fcbernehmen wir keine Haftung. F\u00fcr die Gestaltung und die Inhalte der gelinkten Seiten sind ausschlie\u00dflich deren Betreiber verantwortlich. Sollten durch die Inhalte der Links die Rechte Dritter verletzt sein, so distanziert sich der F\u00f6rderkreis Christenberg e.V. ausdr\u00fccklich von den Inhalten dieser Seiten.<\/p>\n<\/div>\n","protected":false},"excerpt":{"rendered":"<p>Kontakt Harald KornmannVorsitzender des F\u00f6rderkreis Christenberg e.V.Christenberger Stra\u00dfe 1635117 M\u00fcnchhausen info@foerderkreis-christenberg.dewww.f\u00f6rderkreis-christenberg.de Der F\u00f6rderkreis Christenberg ist Mitglied im Hessischen Museumsverband. Fotos: Antje Coburger, Dr. Armin Feulner, Heinrich Reh, Harald Kornmann Inhaltlich verantwortlich gem\u00e4\u00df \u00a7 6 MDStV Harald Kornmann Urheberrecht Die verwendeten Graphiken und Fotos und die Sammlung der Beitr\u00e4ge d\u00fcrfen nur nach vorheriger Zustimmung des F\u00f6rderkreis [&hellip;]<\/p>\n","protected":false},"author":2,"featured_media":0,"parent":0,"menu_order":100,"comment_status":"closed","ping_status":"closed","template":"","meta":{"footnotes":""},"class_list":["post-11","page","type-page","status-publish","hentry"],"jetpack_sharing_enabled":true,"_links":{"self":[{"href":"https:\/\/www.foerderkreis-christenberg.de\/index.php\/wp-json\/wp\/v2\/pages\/11","targetHints":{"allow":["GET"]}}],"collection":[{"href":"https:\/\/www.foerderkreis-christenberg.de\/index.php\/wp-json\/wp\/v2\/pages"}],"about":[{"href":"https:\/\/www.foerderkreis-christenberg.de\/index.php\/wp-json\/wp\/v2\/types\/page"}],"author":[{"embeddable":true,"href":"https:\/\/www.foerderkreis-christenberg.de\/index.php\/wp-json\/wp\/v2\/users\/2"}],"replies":[{"embeddable":true,"href":"https:\/\/www.foerderkreis-christenberg.de\/index.php\/wp-json\/wp\/v2\/comments?post=11"}],"version-history":[{"count":13,"href":"https:\/\/www.foerderkreis-christenberg.de\/index.php\/wp-json\/wp\/v2\/pages\/11\/revisions"}],"predecessor-version":[{"id":2276,"href":"https:\/\/www.foerderkreis-christenberg.de\/index.php\/wp-json\/wp\/v2\/pages\/11\/revisions\/2276"}],"wp:attachment":[{"href":"https:\/\/www.foerderkreis-christenberg.de\/index.php\/wp-json\/wp\/v2\/media?parent=11"}],"curies":[{"name":"wp","href":"https:\/\/api.w.org\/{rel}","templated":true}]}}

<div class="wp-block-group has-global-padding is-layout-constrained wp-container-core-group-is-layout-c9115f92 wp-block-group-is-layout-constrained" style="border-top-left-radius:20px;border-top-right-radius:20px;border-bottom-left-radius:20px;border-bottom-right-radius:20px;border-top-width:1px;border-bottom-width:1px;padding-right:var(--wp--preset--spacing--20);padding-left:var(--wp--preset--spacing--20)">
<p class="has-large-font-size"><strong>Kontakt</strong></p>



<p>Harald Kornmann<br>Vorsitzender des Förderkreis Christenberg e.V.<br>Christenberger Straße 16<br>35117 Münchhausen</p>



<p>info@foerderkreis-christenberg.de<br>www.förderkreis-christenberg.de</p>
</div>



<div class="wp-block-group has-global-padding is-layout-constrained wp-container-core-group-is-layout-c9115f92 wp-block-group-is-layout-constrained" style="border-top-left-radius:20px;border-top-right-radius:20px;border-bottom-left-radius:20px;border-bottom-right-radius:20px;border-top-width:1px;border-bottom-width:1px;padding-right:var(--wp--preset--spacing--20);padding-left:var(--wp--preset--spacing--20)">
<p>Der Förderkreis Christenberg ist Mitglied im <a href="http://www.museumsverband-hessen.de">Hessischen Museumsverband</a>.</p>



<p>Fotos: Antje Coburger, Dr. Armin Feulner, Heinrich Reh, Harald Kornmann</p>
</div>



<div class="wp-block-group has-global-padding is-layout-constrained wp-container-core-group-is-layout-c9115f92 wp-block-group-is-layout-constrained" style="border-top-left-radius:20px;border-top-right-radius:20px;border-bottom-left-radius:20px;border-bottom-right-radius:20px;border-top-width:1px;border-bottom-width:1px;padding-right:var(--wp--preset--spacing--20);padding-left:var(--wp--preset--spacing--20)">
<p><strong>Inhaltlich verantwortlich gemäß § 6 MDStV</strong></p>



<p>Harald Kornmann</p>
</div>



<div class="wp-block-group has-global-padding is-layout-constrained wp-container-core-group-is-layout-c9115f92 wp-block-group-is-layout-constrained" style="border-top-left-radius:20px;border-top-right-radius:20px;border-bottom-left-radius:20px;border-bottom-right-radius:20px;border-top-width:1px;border-bottom-width:1px;padding-right:var(--wp--preset--spacing--20);padding-left:var(--wp--preset--spacing--20)">
<p class="has-large-font-size"><strong>Urheberrecht</strong></p>



<p>Die verwendeten Graphiken und Fotos und die Sammlung der Beiträge dürfen nur nach vorheriger Zustimmung des Förderkreis Christenberg e.V.  vervielfältigt werden.</p>



<p>Einige Fotos auf dieser Webseite entstammen kostenpflichtigen Bildarchiven und sind ebenfalls urheberrechtlich geschützt.</p>
</div>



<div class="wp-block-group has-global-padding is-layout-constrained wp-container-core-group-is-layout-c9115f92 wp-block-group-is-layout-constrained" style="border-top-left-radius:20px;border-top-right-radius:20px;border-bottom-left-radius:20px;border-bottom-right-radius:20px;border-top-width:1px;border-bottom-width:1px;padding-right:var(--wp--preset--spacing--20);padding-left:var(--wp--preset--spacing--20)">
<p class="has-large-font-size"><strong>Haftungshinweis</strong></p>



<p>Für alle vom Förderkreis Christenberg e.V. geschalteten Links zu anderen Seiten im Internet übernehmen wir keine Haftung. Für die Gestaltung und die Inhalte der gelinkten Seiten sind ausschließlich deren Betreiber verantwortlich. Sollten durch die Inhalte der Links die Rechte Dritter verletzt sein, so distanziert sich der Förderkreis Christenberg e.V. ausdrücklich von den Inhalten dieser Seiten.</p>
</div>

<p>Kontakt Harald KornmannVorsitzender des Förderkreis Christenberg e.V.Christenberger Straße 1635117 Münchhausen info@foerderkreis-christenberg.dewww.förderkreis-christenberg.de Der Förderkreis Christenberg ist Mitglied im Hessischen Museumsverband. Fotos: Antje Coburger, Dr. Armin Feulner, Heinrich Reh, Harald Kornmann Inhaltlich verantwortlich gemäß § 6 MDStV Harald Kornmann Urheberrecht Die verwendeten Graphiken und Fotos und die Sammlung der Beiträge dürfen nur nach vorheriger Zustimmung des Förderkreis [&hellip;]</p>
